11-26 00:02:19.455 6910 6910 E AndroidRuntime: at android.os.Handler.handleCallback(Handler.java:942)
11-26 00:02:19.455 6910 6910 E AndroidRuntime: at android.os.Handler.dispatchMessage(Handler.java:99)
11-26 00:02:19.455 6910 6910 E AndroidRuntime: at android.os.Looper.loopOnce(Looper.java:240)
11-26 00:02:19.455 6910 6910 E AndroidRuntime: at android.os.Looper.loop(Looper.java:351)
11-26 00:02:19.455 6910 6910 E AndroidRuntime: at android.app.ActivityThread.main(ActivityThread.java:8370)
11-26 00:02:19.455 6910 6910 E AndroidRuntime: at java.lang.reflect.Method.invoke(Native Method)
11-26 00:02:19.455 6910 6910 E AndroidRuntime: at com.android.internal.os.RuntimeInit$MethodAndArgsCaller.run(RuntimeInit.java:568)
11-26 00:02:19.455 6910 6910 E AndroidRuntime: at com.android.internal.os.ZygoteInit.main(ZygoteInit.java:1013)
11-26 00:03:28.446 7347 7347 E AndroidRuntime: FATAL EXCEPTION: main
11-26 00:03:28.446 7347 7347 E AndroidRuntime: Process: com.fsck.k9, PID: 7347
11-26 00:03:28.446 7347 7347 E AndroidRuntime: java.lang.IndexOutOfBoundsException: 2, 0
11-26 00:03:28.446 7347 7347 E AndroidRuntime: at android.text.PackedIntVector.getValue(PackedIntVector.java:75)
11-26 00:03:28.446 7347 7347 E AndroidRuntime: at android.text.DynamicLayout.getLineStart(DynamicLayout.java:1028)
11-26 00:03:28.446 7347 7347 E AndroidRuntime: at android.text.Layout.drawText(Layout.java:459)
11-26 00:03:28.446 7347 7347 E AndroidRuntime: at android.widget.Editor.drawHardwareAcceleratedInner(Editor.java:2286)
11-26 00:03:28.446 7347 7347 E AndroidRuntime: at android.widget.Editor.drawHardwareAccelerated(Editor.java:2205)
11-26 00:03:28.446 7347 7347 E AndroidRuntime: at android.widget.Editor.onDraw(Editor.java:2145)
11-26 00:03:28.446 7347 7347 E AndroidRuntime: at android.widget.TextView.onDraw(TextView.java:8434)
11-26 00:03:28.446 7347 7347 E AndroidRuntime: at android.view.View.draw(View.java:23466)
11-26 00:03:28.446 7347 7347 E AndroidRuntime: at android.view.View.updateDisplayListIfDirty(View.java:22297)
11-26 00:03:28.446 7347 7347 E AndroidRuntime: at android.view.View.draw(View.java:23174)
11-26 00:03:28.446 7347 7347 E AndroidRuntime: at android.view.ViewGroup.drawChild(ViewGroup.java:4615)
11-26 00:03:28.446 7347 7347 E AndroidRuntime: at android.view.ViewGroup.dispatchDraw(ViewGroup.java:4368)
11-26 00:03:28.446 7347 7347 E AndroidRuntime: at android.view.View.updateDisplayListIfDirty(View.java:22288)
11-26 00:03:28.446 7347 7347 E AndroidRuntime: at android.view.View.draw(View.java:23174)
11-26 00:03:28.446 7347 7347 E AndroidRuntime: at android.view.ViewGroup.drawChild(ViewGroup.java:4615)
11-26 00:03:28.446 7347 7347 E AndroidRuntime: at android.view.ViewGroup.dispatchDraw(ViewGroup.java:4368)
11-26 00:03:28.446 7347 7347 E AndroidRuntime: at android.view.View.draw(View.java:23469)
11-26 00:03:28.446 7347 7347 E AndroidRuntime: at android.view.View.updateDisplayListIfDirty(View.java:22297)
11-26 00:03:28.446 7347 7347 E AndroidRuntime: at android.view.View.draw(View.java:23174)
11-26 00:03:28.446 7347 7347 E AndroidRuntime: at android.view.ViewGroup.drawChild(ViewGroup.java:4615)
11-26 00:03:28.446 7347 7347 E AndroidRuntime: at android.view.ViewGroup.dispatchDraw(ViewGroup.java:4368)
11-26 00:03:28.446 7347 7347 E AndroidRuntime: at android.view.View.updateDisplayListIfDirty(View.java:22288)
11-26 00:03:28.446 7347 7347 E AndroidRuntime: at android.view.View.draw(View.java:23174)
11-26 00:03:28.446 7347 7347 E AndroidRuntime: at android.view.ViewGroup.drawChild(ViewGroup.java:4615)
11-26 00:03:28.446 7347 7347 E AndroidRuntime: at android.view.ViewGroup.dispatchDraw(ViewGroup.java:4368)
11-26 00:03:28.446 7347 7347 E AndroidRuntime: at android.view.View.draw(View.java:23469)
11-26 00:03:28.446 7347 7347 E AndroidRuntime: at android.widget.ScrollView.draw(ScrollView.java:1892)
11-26 00:03:28.446 7347 7347 E AndroidRuntime: at android.view.View.updateDisplayListIfDirty(View.java:22297)
11-26 00:03:28.446 7347 7347 E AndroidRuntime: at android.view.View.draw(View.java:23174)
11-26 00:03:28.446 7347 7347 E AndroidRuntime: at android.view.ViewGroup.drawChild(ViewGroup.java:4615)
11-26 00:03:28.446 7347 7347 E AndroidRuntime: at android.view.ViewGroup.dispatchDraw(ViewGroup.java:4368)
11-26 00:03:28.446 7347 7347 E AndroidRuntime: at android.view.View.updateDisplayListIfDirty(View.java:22288)
11-26 00:03:28.446 7347 7347 E AndroidRuntime: at android.view.View.draw(View.java:23174)
11-26 00:03:28.446 7347 7347 E AndroidRuntime: at android.view.ViewGroup.drawChild(ViewGroup.java:4615)
11-26 00:03:28.446 7347 7347 E AndroidRuntime: at android.view.ViewGroup.dispatchDraw(ViewGroup.java:4368)
11-26 00:03:28.446 7347 7347 E AndroidRuntime: at android.view.View.updateDisplayListIfDirty(View.java:22288)
11-26 00:03:28.446 7347 7347 E AndroidRuntime: at android.view.View.draw(View.java:23174)
11-26 00:03:28.446 7347 7347 E AndroidRuntime: at android.view.ViewGroup.drawChild(ViewGroup.java:4615)
11-26 00:03:28.446 7347 7347 E AndroidRuntime: at android.view.ViewGroup.dispatchDraw(ViewGroup.java:4368)
11-26 00:03:28.446 7347 7347 E AndroidRuntime: at android.view.View.updateDisplayListIfDirty(View.java:22288)
11-26 00:03:28.446 7347 7347 E AndroidRuntime: at android.view.View.draw(View.java:23174)
11-26 00:03:28.446 7347 7347 E AndroidRuntime: at android.view.ViewGroup.drawChild(ViewGroup.java:4615)
11-26 00:03:28.446 7347 7347 E AndroidRuntime: at android.view.ViewGroup.dispatchDraw(ViewGroup.java:4368)
11-26 00:03:28.446 7347 7347 E AndroidRuntime: at android.view.View.updateDisplayListIfDirty(View.java:22288)
11-26 00:03:28.446 7347 7347 E AndroidRuntime: at android.view.View.draw(View.java:23174)
11-26 00:03:28.446 7347 7347 E AndroidRuntime: at android.view.ViewGroup.drawChild(ViewGroup.java:4615)
11-26 00:03:28.446 7347 7347 E AndroidRuntime: at android.view.ViewGroup.dispatchDraw(ViewGroup.java:4368)
11-26 00:03:28.446 7347 7347 E AndroidRuntime: at android.view.View.updateDisplayListIfDirty(View.java:22288)
11-26 00:03:28.446 7347 7347 E AndroidRuntime: at android.view.View.draw(View.java:23174)
11-26 00:03:28.446 7347 7347 E AndroidRuntime: at android.view.ViewGroup.drawChild(ViewGroup.java:4615)
11-26 00:03:28.446 7347 7347 E AndroidRuntime: at android.view.ViewGroup.dispatchDraw(ViewGroup.java:4368)
11-26 00:03:28.446 7347 7347 E AndroidRuntime: at com.android.internal.policy.DecorView.dispatchDraw(DecorView.java:2992)
11-26 00:03:28.446 7347 7347 E AndroidRuntime: at android.view.View.draw(View.java:23469)
11-26 00:03:28.446 7347 7347 E AndroidRuntime: at com.android.internal.policy.DecorView.draw(DecorView.java:896)
11-26 00:03:28.446 7347 7347 E AndroidRuntime: at android.view.View.updateDisplayListIfDirty(View.java:22297)
11-26 00:03:28.446 7347 7347 E AndroidRuntime: at android.view.ThreadedRenderer.updateViewTreeDisplayList(ThreadedRenderer.java:682)
11-26 00:03:28.446 7347 7347 E AndroidRuntime: at android.view.ThreadedRenderer.updateRootDisplayList(ThreadedRenderer.java:688)
11-26 00:03:28.446 7347 7347 E AndroidRuntime: at android.view.ThreadedRenderer.draw(ThreadedRenderer.java:790)
11-26 00:03:28.446 7347 7347 E AndroidRuntime: at android.view.ViewRootImpl.draw(ViewRootImpl.java:4897)
11-26 00:03:28.446 7347 7347 E AndroidRuntime: at android.view.ViewRootImpl.performDraw(ViewRootImpl.java:4588)
11-26 00:03:28.446 7347 7347 E AndroidRuntime: at android.view.ViewRootImpl.performTraversals(ViewRootImpl.java:3774)
11-26 00:03:28.446 7347 7347 E AndroidRuntime: at android.view.ViewRootImpl.doTraversal(ViewRootImpl.java:2474)
11-26 00:03:28.446 7347 7347 E AndroidRuntime: at android.view.ViewRootImpl$TraversalRunnable.run(ViewRootImpl.java:9482)
11-26 00:03:28.446 7347 7347 E AndroidRuntime: at android.view.Choreographer$CallbackRecord.run(Choreographer.java:1412)
11-26 00:03:28.446 7347 7347 E AndroidRuntime: at android.view.Choreographer$CallbackRecord.run(Choreographer.java:1420)
11-26 00:03:28.447 7347 7347 E AndroidRuntime: at android.view.Choreographer.doCallbacks(Choreographer.java:1047)
11-26 00:03:28.447 7347 7347 E AndroidRuntime: at android.view.ChoreographerExtImpl.checkScrollOptSceneEnable(ChoreographerExtImpl.java:450)
11-26 00:03:28.447 7347 7347 E AndroidRuntime: at android.view.Choreographer.doFrame(Choreographer.java:918)
11-26 00:03:28.447 7347 7347 E AndroidRuntime: at android.view.Choreographer$FrameDisplayEventReceiver.run(Choreographer.java:1395)
11-26 00:03:28.447 7347 7347 E AndroidRuntime: at android.os.Handler.handleCallback(Handler.java:942)
11-26 00:03:28.447 7347 7347 E AndroidRuntime: at android.os.Handler.dispatchMessage(Handler.java:99)
11-26 00:03:28.447 7347 7347 E AndroidRuntime: at android.os.Looper.loopOnce(Looper.java:240)
11-26 00:03:28.447 7347 7347 E AndroidRuntime: at android.os.Looper.loop(Looper.java:351)
11-26 00:03:28.447 7347 7347 E AndroidRuntime: at android.app.ActivityThread.main(ActivityThread.java:8370)
11-26 00:03:28.447 7347 7347 E AndroidRuntime: at java.lang.reflect.Method.invoke(Native Method)
11-26 00:03:28.447 7347 7347 E AndroidRuntime: at com.android.internal.os.RuntimeInit$MethodAndArgsCaller.run(RuntimeInit.java:568)
11-26 00:03:28.447 7347 7347 E AndroidRuntime: at com.android.internal.os.ZygoteInit.main(ZygoteInit.java:1013) --------- beginning of system
11-26 05:32:01.713 7923 7923 I Quality : Skipped: false 0 cost 6.389154 refreshRate 16310509 bit true processName com.fsck.k9
11-26 05:32:01.862 7923 7923 I Quality : Skipped: false 4 cost 74.59014 refreshRate 16305704 bit true processName com.fsck.k9
11-26 05:32:01.939 7923 7923 I Quality : Skipped: false 2 cost 38.467194 refreshRate 16294754 bit true processName com.fsck.k9
11-26 05:32:02.087 7923 7923 I Quality : Skipped: false 5 cost 88.909 refreshRate 16288700 bit true processName com.fsck.k9
11-26 05:32:02.768 7923 7923 D OplusInputMethodManagerInternal: get inputMethodManager extension: com.android.internal.view.IInputMethodManager$Stub$Proxy@7634489
11-26 05:32:02.843 7923 7923 I Quality : Skipped: false 1 cost 30.165405 refreshRate 16287375 bit true processName com.fsck.k9
11-26 05:32:05.985 7923 7923 I Quality : Skipped: false 2 cost 34.32285 refreshRate 16292742 bit true processName com.fsck.k9
11-26 05:32:05.999 7923 7923 V ZoomWindowDecorView: setLastReportedMergedConfiguration mZoomDisplayHeight: 2400 getDecorView.159961057
11-26 05:32:06.068 7923 7923 I Quality : Skipped: false 4 cost 78.6075 refreshRate 16305410 bit true processName com.fsck.k9
11-26 05:32:06.113 7923 7923 I Quality : Skipped: false 2 cost 42.649754 refreshRate 16298791 bit true processName com.fsck.k9 --------- beginning of main
11-26 05:32:08.380 7923 19706 D libMEOW : meow new tls: 0xb40000707deb5b40
11-26 05:32:08.380 7923 19706 D libMEOW : applied 1 plugins for [com.fsck.k9]:
11-26 05:32:08.380 7923 19706 D libMEOW : plugin 1: [libMEOW_gift.so]: 0xb400007124760180
11-26 05:32:08.380 7923 19706 D libMEOW : rebuild call chain: 0xb40000707dec4280
11-26 05:32:08.380 7923 19706 D libMEOW : meow delete tls: 0xb40000707deb5b40
11-26 05:32:08.418 7923 7923 I oplus.android.OplusFrameworkFactoryImpl: get feature:IOplusDynamicVsyncFeature
11-26 05:32:08.418 7923 7923 I oplus.android.OplusFrameworkFactoryImpl: get feature:IOplusDynamicVsyncFeature
11-26 05:32:08.418 7923 7923 I oplus.android.OplusFrameworkFactoryImpl: get feature:IOplusDynamicVsyncFeature
11-26 05:32:08.423 7923 7923 D WindowManager: Add to mViews: DecorView@64dfc4d[GeneralSettingsActivity],pkg= com.fsck.k9
11-26 05:32:08.433 7923 7923 D ViewRootImplExtImpl: onDisplayChanged -1 for VRI android.view.ViewRootImpl@18b1049
11-26 05:32:08.434 7923 7923 D InputEventReceiver: Input log is disabled
11-26 05:32:08.436 7923 7923 D VRI[SettingsActivity]: onFocusEvent false
11-26 05:32:08.436 7923 7923 I Quality : Skipped: false 0 cost 15.387769 refreshRate 16666667 bit true processName com.fsck.k9
11-26 05:32:08.436 7923 7923 E OplusBracketLog: [OplusViewMirrorManager] updateHostViewRootIfNeeded, not support android.view.ViewRootImpl@18b1049
11-26 05:32:08.445 7923 7923 D BufferQueueConsumer: [](id:1ef300000003,api:0,p:-1,c:7923) connect: controlledByApp=false
11-26 05:32:08.445 7923 7923 E IPCThreadState: attemptIncStrongHandle(62): Not supported
11-26 05:32:08.445 7923 7923 V ZoomWindowDecorView: setLastReportedMergedConfiguration mZoomDisplayHeight: 2400 getDecorView.105774157
11-26 05:32:08.472 7923 7923 D VRI[GeneralSettingsActivity]: registerCallbacksForSync syncBuffer=false
11-26 05:32:08.481 7923 7948 D BLASTBufferQueue: [VRI[GeneralSettingsActivity][com.fsck.k9/com.fsck.k9.ui.settings.general.GeneralSettingsActivity]#3](f:0,a:1) acquireNextBufferLocked size=1080x2400 mFrameNumber=1 applyTransaction=true mTimestamp=139212605430912(auto) mPendingTransactions.size=0 graphicBufferId=34029025886223 transform=0
11-26 05:32:08.481 7923 7948 D VRI[GeneralSettingsActivity]: Received frameCommittedCallback lastAttemptedDrawFrameNum=1 didProduceBuffer=true syncBuffer=false
11-26 05:32:08.482 7923 7948 W Parcel : Expecting binder but got null!
11-26 05:32:08.482 7923 7923 D VRI[GeneralSettingsActivity]: draw finished.
11-26 05:32:08.495 7923 7923 D AutofillManager: Fill dialog is enabled:false, hints=[password, passwordAuto, creditCardNumber, creditCardSecurityCode, creditCardExpirationDate]
11-26 05:32:08.495 7923 7923 V TextView: notifyAutoFillManagerAfterTextChanged
11-26 05:32:08.496 7923 7923 V AutofillManager: notifyValueChanged(1073741824): ignoring on state UNKNOWN
11-26 05:32:08.496 7923 7923 V TextView: notifyAutoFillManagerAfterTextChanged
11-26 05:32:08.496 7923 7923 V AutofillManager: notifyValueChanged(1073741824): ignoring on state UNKNOWN
11-26 05:32:08.497 7923 7923 V TextView: notifyAutoFillManagerAfterTextChanged
11-26 05:32:08.497 7923 7923 V AutofillManager: notifyValueChanged(1073741824): ignoring on state UNKNOWN
11-26 05:32:08.506 7923 7923 I Quality : Skipped: false 3 cost 57.320232 refreshRate 16288191 bit true processName com.fsck.k9
11-26 05:32:08.515 7923 7923 D VRI[GeneralSettingsActivity]: registerCallbacksForSync syncBuffer=false
11-26 05:32:08.518 7923 7948 D VRI[GeneralSettingsActivity]: Received frameCommittedCallback lastAttemptedDrawFrameNum=3 didProduceBuffer=true syncBuffer=false
11-26 05:32:08.518 7923 7923 D VRI[GeneralSettingsActivity]: draw finished.
11-26 05:32:08.601 7923 7923 D VRI[GeneralSettingsActivity]: onFocusEvent true
11-26 05:32:08.975 7923 15629 D VRI[SettingsActivity]: dispatchAppVisibility visible:false
11-26 05:32:08.988 7923 7923 D OpenGLRenderer: RenderProxy::destroy: this=0xb40000709091b400, mContext=0xb4000070adc14740
11-26 05:32:08.988 7923 7948 D OpenGLRenderer: SkiaOpenGLPipeline::setSurface: this=0xb4000070a191de00, surface=NULL
11-26 05:32:08.995 7923 7923 D BLASTBufferQueue: [VRI[SettingsActivity][com.fsck.k9/com.fsck.k9.ui.settings.SettingsActivity]#2](f:0,a:1) destructor()
11-26 05:32:08.995 7923 7923 D BufferQueueConsumer: [VRI[SettingsActivity][com.fsck.k9/com.fsck.k9.ui.settings.SettingsActivity]#2(BLAST Consumer)2](id:1ef300000002,api:0,p:-1,c:7923) disconnect
11-26 05:32:08.997 7923 7923 D VRI[SettingsActivity]: setWindowStopped stopped:true
11-26 05:32:09.488 7923 7923 D OplusScrollToTopManager: com.fsck.k9/com.fsck.k9.ui.settings.SettingsActivity,This DecorView@988cfe1[SettingsActivity] change focus to false
11-26 05:32:09.602 7923 7923 D OplusScrollToTopManager: com.fsck.k9/com.fsck.k9.ui.settings.general.GeneralSettingsActivity,This DecorView@64dfc4d[GeneralSettingsActivity] change focus to true
11-26 05:32:10.045 7923 7923 V AutofillManager: requestHideFillUi(null): anchor = null
11-26 05:32:10.113 7923 7923 W OnBackInvokedCallback: OnBackInvokedCallback is not enabled for the application.
11-26 05:32:10.113 7923 7923 W OnBackInvokedCallback: Set 'android:enableOnBackInvokedCallback="true"' in the application manifest.
11-26 05:32:10.135 7923 7923 I oplus.android.OplusFrameworkFactoryImpl: get feature:IOplusDynamicVsyncFeature
11-26 05:32:10.135 7923 7923 I oplus.android.OplusFrameworkFactoryImpl: get feature:IOplusDynamicVsyncFeature
11-26 05:32:10.135 7923 7923 I oplus.android.OplusFrameworkFactoryImpl: get feature:IOplusDynamicVsyncFeature
11-26 05:32:10.147 7923 7923 V TextView: notifyAutoFillManagerAfterTextChanged
11-26 05:32:10.147 7923 7923 V AutofillManager: notifyValueChanged(1073741825): ignoring on state UNKNOWN
11-26 05:32:10.147 7923 7923 V TextView: notifyAutoFillManagerAfterTextChanged
11-26 05:32:10.147 7923 7923 V AutofillManager: notifyValueChanged(1073741825): ignoring on state UNKNOWN
11-26 05:32:10.148 7923 7923 V TextView: notifyAutoFillManagerAfterTextChanged
11-26 05:32:10.148 7923 7923 V AutofillManager: notifyValueChanged(1073741825): ignoring on state UNKNOWN
11-26 05:32:10.175 7923 7923 V TextView: notifyAutoFillManagerAfterTextChanged
11-26 05:32:10.175 7923 7923 V AutofillManager: notifyValueChanged(1073741826): ignoring on state UNKNOWN
11-26 05:32:10.190 7923 7923 V TextView: notifyAutoFillManagerAfterTextChanged
11-26 05:32:10.190 7923 7923 V AutofillManager: notifyValueChanged(1073741826): ignoring on state UNKNOWN
11-26 05:32:10.206 7923 7923 V AutofillManager: notifyValueChanged(1073741826): ignoring on state UNKNOWN
11-26 05:32:10.206 7923 7923 V AutofillManager: notifyValueChanged(1073741826): ignoring on state UNKNOWN
11-26 05:32:10.211 7923 7923 V TextView: notifyAutoFillManagerAfterTextChanged
11-26 05:32:10.211 7923 7923 V AutofillManager: notifyValueChanged(1073741827): ignoring on state UNKNOWN
11-26 05:32:10.212 7923 7923 V TextView: notifyAutoFillManagerAfterTextChanged
11-26 05:32:10.212 7923 7923 V AutofillManager: notifyValueChanged(1073741827): ignoring on state UNKNOWN
11-26 05:32:10.259 7923 7927 W com.fsck.k9: Reducing the number of considered missed Gc histogram windows from 833 to 100
11-26 05:32:16.275 7923 7923 V AutofillManager: requestHideFillUi(null): anchor = null
11-26 05:32:16.327 7923 7923 I oplus.android.OplusFrameworkFactoryImpl: get feature:IOplusDynamicVsyncFeature
11-26 05:32:16.327 7923 7923 I oplus.android.OplusFrameworkFactoryImpl: get feature:IOplusDynamicVsyncFeature
11-26 05:32:16.327 7923 7923 I oplus.android.OplusFrameworkFactoryImpl: get feature:IOplusDynamicVsyncFeature
11-26 05:32:16.343 7923 7923 V TextView: notifyAutoFillManagerAfterTextChanged
11-26 05:32:16.343 7923 7923 V AutofillManager: notifyValueChanged(1073741828): ignoring on state UNKNOWN
11-26 05:32:16.343 7923 7923 V TextView: notifyAutoFillManagerAfterTextChanged
11-26 05:32:16.343 7923 7923 V AutofillManager: notifyValueChanged(1073741828): ignoring on state UNKNOWN
11-26 05:32:16.343 7923 7923 V TextView: notifyAutoFillManagerAfterTextChanged
11-26 05:32:16.343 7923 7923 V AutofillManager: notifyValueChanged(1073741828): ignoring on state UNKNOWN
11-26 05:32:20.408 7923 7923 V AutofillManager: requestHideFillUi(null): anchor = null
11-26 05:32:20.538 7923 7923 D Activity: com.fsck.k9.ui.settings.general.GeneralSettingsActivity@1fc4566onBackPressed!
11-26 05:32:20.553 7923 7923 I Quality : Skipped: false 1 cost 18.136889 refreshRate 16304173 bit true processName com.fsck.k9
11-26 05:32:20.559 7923 7932 D VRI[SettingsActivity]: dispatchAppVisibility visible:true
11-26 05:32:20.573 7923 7923 D VRI[GeneralSettingsActivity]: onFocusEvent false
11-26 05:32:20.575 7923 7923 D VRI[SettingsActivity]: setWindowStopped stopped:false
11-26 05:32:20.593 7923 7923 D BufferQueueConsumer: [](id:1ef300000004,api:0,p:-1,c:7923) connect: controlledByApp=false
11-26 05:32:20.593 7923 7923 E IPCThreadState: attemptIncStrongHandle(82): Not supported
11-26 05:32:20.597 7923 7923 D VRI[SettingsActivity]: registerCallbacksForSync syncBuffer=false
11-26 05:32:20.603 7923 7948 D BLASTBufferQueue: [VRI[SettingsActivity][com.fsck.k9/com.fsck.k9.ui.settings.SettingsActivity]#4](f:0,a:1) acquireNextBufferLocked size=1080x2400 mFrameNumber=1 applyTransaction=true mTimestamp=139224727494297(auto) mPendingTransactions.size=0 graphicBufferId=34029025886227 transform=0
11-26 05:32:20.603 7923 7948 D VRI[SettingsActivity]: Received frameCommittedCallback lastAttemptedDrawFrameNum=1 didProduceBuffer=true syncBuffer=false
11-26 05:32:20.604 7923 7923 D VRI[SettingsActivity]: draw finished.
11-26 05:32:20.673 7923 7923 D VRI[SettingsActivity]: onFocusEvent true
11-26 05:32:21.096 7923 15629 D VRI[GeneralSettingsActivity]: dispatchAppVisibility visible:false
11-26 05:32:21.107 7923 7923 D OpenGLRenderer: RenderProxy::destroy: this=0xb4000070ac146200, mContext=0xb4000070adcb4b80
11-26 05:32:21.107 7923 7948 D OpenGLRenderer: SkiaOpenGLPipeline::setSurface: this=0xb4000070b3645900, surface=NULL
11-26 05:32:21.123 7923 7923 D BLASTBufferQueue: [VRI[GeneralSettingsActivity][com.fsck.k9/com.fsck.k9.ui.settings.general.GeneralSettingsActivity]#3](f:0,a:1) destructor()
11-26 05:32:21.123 7923 7923 D BufferQueueConsumer: [VRI[GeneralSettingsActivity][com.fsck.k9/com.fsck.k9.ui.settings.general.GeneralSettingsActivity]#3(BLAST Consumer)3](id:1ef300000003,api:0,p:-1,c:7923) disconnect
11-26 05:32:21.124 7923 7923 D VRI[GeneralSettingsActivity]: setWindowStopped stopped:true
11-26 05:32:21.128 7923 7923 D OplusScrollToTopManager: com.fsck.k9/com.fsck.k9.ui.settings.general.GeneralSettingsActivity,window dying
11-26 05:32:21.128 7923 7923 D OplusScrollToTopManager: com.fsck.k9/com.fsck.k9.ui.settings.general.GeneralSettingsActivity,unregisterSystemUIBroadcastReceiver
11-26 05:32:21.129 7923 7923 D OplusScrollToTopManager: com.fsck.k9/com.fsck.k9.ui.settings.general.GeneralSettingsActivity, unregisterSystemUIBroadcastReceiver failed java.lang.IllegalArgumentException: Receiver not registered: android.view.OplusScrollToTopManager$2@6f3b78a
11-26 05:32:21.131 7923 7923 V ZoomWindowDecorView: removeZoomView
11-26 05:32:21.132 7923 7923 D OpenGLRenderer: RenderProxy::destroy: this=0xb4000070ac146200, mContext=0xb4000070adcb4b80
11-26 05:32:21.132 7923 7948 D OpenGLRenderer: SkiaOpenGLPipeline::setSurface: this=0xb4000070b3645900, surface=NULL
11-26 05:32:21.674 7923 7923 D OplusScrollToTopManager: com.fsck.k9/com.fsck.k9.ui.settings.SettingsActivity,This DecorView@988cfe1[SettingsActivity] change focus to true
11-26 05:32:24.498 7923 7923 D VRI[SettingsActivity]: onFocusEvent false
11-26 05:32:25.049 7923 15629 D VRI[SettingsActivity]: dispatchAppVisibility visible:false
11-26 05:32:25.064 7923 7923 D OpenGLRenderer: RenderProxy::destroy: this=0xb40000709091b400, mContext=0xb4000070adc14740
11-26 05:32:25.064 7923 7948 D OpenGLRenderer: SkiaOpenGLPipeline::setSurface: this=0xb4000070a191de00, surface=NULL
11-26 05:32:25.075 7923 7923 D BLASTBufferQueue: [VRI[SettingsActivity][com.fsck.k9/com.fsck.k9.ui.settings.SettingsActivity]#4](f:0,a:1) destructor()
11-26 05:32:25.075 7923 7923 D BufferQueueConsumer: [VRI[SettingsActivity][com.fsck.k9/com.fsck.k9.ui.settings.SettingsActivity]#4(BLAST Consumer)4](id:1ef300000004,api:0,p:-1,c:7923) disconnect
11-26 05:32:25.077 7923 7923 D VRI[SettingsActivity]: setWindowStopped stopped:true
11-26 05:32:25.500 7923 7923 D OplusScrollToTopManager: com.fsck.k9/com.fsck.k9.ui.settings.SettingsActivity,This DecorView@988cfe1[SettingsActivity] change focus to false
11-26 05:32:47.711 7923 15629 D VRI[SettingsActivity]: dispatchAppVisibility visible:true
11-26 05:32:47.720 7923 7923 D VRI[SettingsActivity]: setWindowStopped stopped:false
11-26 05:32:47.763 7923 7923 D BufferQueueConsumer: [](id:1ef300000005,api:0,p:-1,c:7923) connect: controlledByApp=false
11-26 05:32:47.763 7923 7923 E IPCThreadState: attemptIncStrongHandle(44): Not supported
11-26 05:32:47.763 7923 7923 E IPCThreadState: attemptIncStrongHandle(88): Not supported
11-26 05:32:47.767 7923 7923 D VRI[SettingsActivity]: registerCallbacksForSync syncBuffer=false
11-26 05:32:47.779 7923 7948 D BLASTBufferQueue: [VRI[SettingsActivity][com.fsck.k9/com.fsck.k9.ui.settings.SettingsActivity]#5](f:0,a:1) acquireNextBufferLocked size=1080x2400 mFrameNumber=1 applyTransaction=true mTimestamp=139251903005760(auto) mPendingTransactions.size=0 graphicBufferId=34029025886231 transform=0
11-26 05:32:47.779 7923 7948 D VRI[SettingsActivity]: Received frameCommittedCallback lastAttemptedDrawFrameNum=1 didProduceBuffer=true syncBuffer=false
11-26 05:32:47.779 7923 7923 D VRI[SettingsActivity]: draw finished.
11-26 05:32:47.792 7923 7923 D VRI[SettingsActivity]: onFocusEvent true
11-26 05:32:48.793 7923 7923 D OplusScrollToTopManager: com.fsck.k9/com.fsck.k9.ui.settings.SettingsActivity,This DecorView@988cfe1[SettingsActivity] change focus to true
11-26 05:32:50.010 7923 7923 V AutofillManager: requestHideFillUi(null): anchor = null
11-26 05:32:50.095 7923 19799 D libMEOW : meow new tls: 0xb4000070907c9080
11-26 05:32:50.095 7923 19799 D libMEOW : applied 1 plugins for [com.fsck.k9]:
11-26 05:32:50.095 7923 19799 D libMEOW : plugin 1: [libMEOW_gift.so]: 0xb400007124760180
11-26 05:32:50.096 7923 19799 D libMEOW : rebuild call chain: 0xb40000707dfef780
11-26 05:32:50.096 7923 19799 D libMEOW : meow delete tls: 0xb4000070907c9080
11-26 05:32:50.118 7923 7923 I oplus.android.OplusFrameworkFactoryImpl: get feature:IOplusDynamicVsyncFeature
11-26 05:32:50.118 7923 7923 I oplus.android.OplusFrameworkFactoryImpl: get feature:IOplusDynamicVsyncFeature
11-26 05:32:50.118 7923 7923 I oplus.android.OplusFrameworkFactoryImpl: get feature:IOplusDynamicVsyncFeature
11-26 05:32:50.122 7923 7923 D WindowManager: Add to mViews: DecorView@9209bae[GeneralSettingsActivity],pkg= com.fsck.k9
11-26 05:32:50.127 7923 7923 D ViewRootImplExtImpl: onDisplayChanged -1 for VRI android.view.ViewRootImpl@8dec4ba
11-26 05:32:50.128 7923 7923 D InputEventReceiver: Input log is disabled
11-26 05:32:50.129 7923 7923 D VRI[SettingsActivity]: onFocusEvent false
11-26 05:32:50.130 7923 7923 I Quality : Skipped: false 0 cost 9.698231 refreshRate 16289937 bit true processName com.fsck.k9
11-26 05:32:50.130 7923 7923 E OplusBracketLog: [OplusViewMirrorManager] updateHostViewRootIfNeeded, not support android.view.ViewRootImpl@8dec4ba
11-26 05:32:50.139 7923 7923 D BufferQueueConsumer: [](id:1ef300000006,api:0,p:-1,c:7923) connect: controlledByApp=false
11-26 05:32:50.139 7923 7923 V ZoomWindowDecorView: setLastReportedMergedConfiguration mZoomDisplayHeight: 2400 getDecorView.153131950
11-26 05:32:50.158 7923 7923 D VRI[GeneralSettingsActivity]: registerCallbacksForSync syncBuffer=false
11-26 05:32:50.165 7923 7948 D BLASTBufferQueue: [VRI[GeneralSettingsActivity][com.fsck.k9/com.fsck.k9.ui.settings.general.GeneralSettingsActivity]#6](f:0,a:1) acquireNextBufferLocked size=1080x2400 mFrameNumber=1 applyTransaction=true mTimestamp=139254289402068(auto) mPendingTransactions.size=0 graphicBufferId=34029025886235 transform=0
11-26 05:32:50.165 7923 7948 D VRI[GeneralSettingsActivity]: Received frameCommittedCallback lastAttemptedDrawFrameNum=1 didProduceBuffer=true syncBuffer=false
11-26 05:32:50.165 7923 7948 W Parcel : Expecting binder but got null!
11-26 05:32:50.166 7923 7923 D VRI[GeneralSettingsActivity]: draw finished.
11-26 05:32:50.174 7923 7923 D AutofillManager: Fill dialog is enabled:false, hints=[password, passwordAuto, creditCardNumber, creditCardSecurityCode, creditCardExpirationDate]
11-26 05:32:50.174 7923 7923 V TextView: notifyAutoFillManagerAfterTextChanged
11-26 05:32:50.174 7923 7923 V AutofillManager: notifyValueChanged(1073741824): ignoring on state UNKNOWN
11-26 05:32:50.174 7923 7923 V TextView: notifyAutoFillManagerAfterTextChanged
11-26 05:32:50.174 7923 7923 V AutofillManager: notifyValueChanged(1073741824): ignoring on state UNKNOWN
11-26 05:32:50.175 7923 7923 V TextView: notifyAutoFillManagerAfterTextChanged
11-26 05:32:50.175 7923 7923 V AutofillManager: notifyValueChanged(1073741824): ignoring on state UNKNOWN
11-26 05:32:50.180 7923 7923 I Quality : Skipped: false 2 cost 49.35965 refreshRate 16666667 bit true processName com.fsck.k9
11-26 05:32:50.188 7923 7923 D VRI[GeneralSettingsActivity]: registerCallbacksForSync syncBuffer=false
11-26 05:32:50.193 7923 7948 D VRI[GeneralSettingsActivity]: Received frameCommittedCallback lastAttemptedDrawFrameNum=3 didProduceBuffer=true syncBuffer=false
11-26 05:32:50.193 7923 7923 D VRI[GeneralSettingsActivity]: draw finished.
11-26 05:32:50.266 7923 7923 D VRI[GeneralSettingsActivity]: onFocusEvent true
11-26 05:32:50.640 7923 8031 D VRI[SettingsActivity]: dispatchAppVisibility visible:false
11-26 05:32:50.653 7923 7923 D OpenGLRenderer: RenderProxy::destroy: this=0xb40000709091b400, mContext=0xb4000070adc14740
11-26 05:32:50.653 7923 7948 D OpenGLRenderer: SkiaOpenGLPipeline::setSurface: this=0xb4000070a191de00, surface=NULL
11-26 05:32:50.658 7923 7923 D BLASTBufferQueue: [VRI[SettingsActivity][com.fsck.k9/com.fsck.k9.ui.settings.SettingsActivity]#5](f:0,a:1) destructor()
11-26 05:32:50.658 7923 7923 D BufferQueueConsumer: [VRI[SettingsActivity][com.fsck.k9/com.fsck.k9.ui.settings.SettingsActivity]#5(BLAST Consumer)5](id:1ef300000005,api:0,p:-1,c:7923) disconnect
11-26 05:32:50.659 7923 7923 D VRI[SettingsActivity]: setWindowStopped stopped:true
11-26 05:32:51.170 7923 7923 D OplusScrollToTopManager: com.fsck.k9/com.fsck.k9.ui.settings.SettingsActivity,This DecorView@988cfe1[SettingsActivity] change focus to false
11-26 05:32:51.268 7923 7923 D OplusScrollToTopManager: com.fsck.k9/com.fsck.k9.ui.settings.general.GeneralSettingsActivity,This DecorView@9209bae[GeneralSettingsActivity] change focus to true
11-26 05:32:53.124 7923 7923 V AutofillManager: requestHideFillUi(null): anchor = null
11-26 05:32:53.196 7923 7923 W OnBackInvokedCallback: OnBackInvokedCallback is not enabled for the application.
11-26 05:32:53.196 7923 7923 W OnBackInvokedCallback: Set 'android:enableOnBackInvokedCallback="true"' in the application manifest.
11-26 05:32:53.216 7923 7923 I oplus.android.OplusFrameworkFactoryImpl: get feature:IOplusDynamicVsyncFeature
11-26 05:32:53.216 7923 7923 I oplus.android.OplusFrameworkFactoryImpl: get feature:IOplusDynamicVsyncFeature
11-26 05:32:53.216 7923 7923 I oplus.android.OplusFrameworkFactoryImpl: get feature:IOplusDynamicVsyncFeature
11-26 05:32:53.231 7923 7923 V TextView: notifyAutoFillManagerAfterTextChanged
11-26 05:32:53.231 7923 7923 V AutofillManager: notifyValueChanged(1073741825): ignoring on state UNKNOWN
11-26 05:32:53.231 7923 7923 V TextView: notifyAutoFillManagerAfterTextChanged
11-26 05:32:53.232 7923 7923 V AutofillManager: notifyValueChanged(1073741825): ignoring on state UNKNOWN
11-26 05:32:53.232 7923 7923 V TextView: notifyAutoFillManagerAfterTextChanged
11-26 05:32:53.232 7923 7923 V AutofillManager: notifyValueChanged(1073741825): ignoring on state UNKNOWN
11-26 05:32:53.247 7923 7923 V TextView: notifyAutoFillManagerAfterTextChanged
11-26 05:32:53.247 7923 7923 V AutofillManager: notifyValueChanged(1073741826): ignoring on state UNKNOWN
11-26 05:32:53.255 7923 7923 V TextView: notifyAutoFillManagerAfterTextChanged
11-26 05:32:53.255 7923 7923 V AutofillManager: notifyValueChanged(1073741826): ignoring on state UNKNOWN
11-26 05:32:53.261 7923 7923 V AutofillManager: notifyValueChanged(1073741826): ignoring on state UNKNOWN
11-26 05:32:53.261 7923 7923 V AutofillManager: notifyValueChanged(1073741826): ignoring on state UNKNOWN
11-26 05:32:53.265 7923 7923 V TextView: notifyAutoFillManagerAfterTextChanged
11-26 05:32:53.265 7923 7923 V AutofillManager: notifyValueChanged(1073741827): ignoring on state UNKNOWN
11-26 05:32:53.266 7923 7923 V TextView: notifyAutoFillManagerAfterTextChanged
11-26 05:32:53.266 7923 7923 V AutofillManager: notifyValueChanged(1073741827): ignoring on state UNKNOWN
11-26 05:32:55.571 7923 7923 V AutofillManager: requestHideFillUi(null): anchor = null
11-26 05:32:55.651 7923 7923 D CompatibilityChangeReporter: Compat change id reported: 171228096; UID 10031; state: ENABLED
11-26 05:32:55.653 7923 7923 D WindowManager: Add to mViews: android.widget.PopupWindow$PopupDecorView{c2c5c08 V.E..V... R.....I. 0,0-0,0 viewInfo = AutoLayoutViewInfo{mIsImageType=false, mIsFlatView=false, mWidthType=1, mHeightType=1, mScaleType=null, mFillBackgroundPattern=1, mNeedStretchItems=false, mMeasureChanged=false, mNewMeasuredHeight=0, mOldMeasuredHeight=0, mExtraInfo=}},pkg= com.fsck.k9
11-26 05:32:55.662 7923 7923 D ViewRootImplExtImpl: onDisplayChanged -1 for VRI android.view.ViewRootImpl@f2f30b4
11-26 05:32:55.663 7923 7923 D InputEventReceiver: Input log is disabled
11-26 05:32:55.667 7923 7923 E OplusBracketLog: [OplusViewMirrorManager] updateHostViewRootIfNeeded, not support android.view.ViewRootImpl@f2f30b4
11-26 05:32:55.674 7923 7923 D BufferQueueConsumer: [](id:1ef300000007,api:0,p:-1,c:7923) connect: controlledByApp=false
11-26 05:32:55.674 7923 7923 E IPCThreadState: attemptIncStrongHandle(59): Not supported
11-26 05:32:55.682 7923 7923 D VRI[PopupWindow:43b4dab]: registerCallbacksForSync syncBuffer=false
11-26 05:32:55.695 7923 7948 D BLASTBufferQueue: [VRI[PopupWindow:43b4dab][PopupWindow:43b4dab]#7](f:0,a:1) acquireNextBufferLocked size=624x228 mFrameNumber=1 applyTransaction=true mTimestamp=139259819040838(auto) mPendingTransactions.size=0 graphicBufferId=34029025886239 transform=0
11-26 05:32:55.695 7923 7948 D VRI[PopupWindow:43b4dab]: Received frameCommittedCallback lastAttemptedDrawFrameNum=1 didProduceBuffer=true syncBuffer=false
11-26 05:32:55.695 7923 7948 W Parcel : Expecting binder but got null!
11-26 05:32:55.696 7923 7923 D VRI[PopupWindow:43b4dab]: draw finished.
11-26 05:32:55.699 7923 7923 D VRI[GeneralSettingsActivity]: onFocusEvent false
11-26 05:32:55.700 7923 7923 I Quality : Skipped: false 1 cost 29.909609 refreshRate 16324508 bit true processName com.fsck.k9
11-26 05:32:55.704 7923 7923 D VRI[PopupWindow:43b4dab]: registerCallbacksForSync syncBuffer=false
11-26 05:32:55.707 7923 7948 D VRI[PopupWindow:43b4dab]: Received frameCommittedCallback lastAttemptedDrawFrameNum=2 didProduceBuffer=true syncBuffer=false
11-26 05:32:55.707 7923 7923 D VRI[PopupWindow:43b4dab]: draw finished.
11-26 05:32:55.711 7923 7923 D VRI[PopupWindow:43b4dab]: onFocusEvent true
11-26 05:32:56.702 7923 7923 D OplusScrollToTopManager: com.fsck.k9/com.fsck.k9.ui.settings.general.GeneralSettingsActivity,This DecorView@9209bae[GeneralSettingsActivity] change focus to false
11-26 05:32:56.725 7923 7923 D OplusScrollToTopManager: PopupWindow:43b4dab,This android.widget.PopupWindow$PopupDecorView{c2c5c08 V.E..V... R....... 0,0-588,192 viewInfo = AutoLayoutViewInfo{mIsImageType=false, mIsFlatView=false, mWidthType=1, mHeightType=1, mScaleType=null, mFillBackgroundPattern=1, mNeedStretchItems=false, mMeasureChanged=false, mNewMeasuredHeight=0, mOldMeasuredHeight=0, mExtraInfo=}} change focus to true
11-26 05:32:56.785 7923 7923 V AutofillManager: requestHideFillUi(null): anchor = null
11-26 05:32:56.843 7923 7923 I Quality : Skipped: false 1 cost 17.593838 refreshRate 16293214 bit true processName com.fsck.k9
11-26 05:32:56.864 7923 7923 D VRI[PopupWindow:43b4dab]: onFocusEvent false
11-26 05:32:56.864 7923 7923 D VRI[GeneralSettingsActivity]: onFocusEvent true
11-26 05:32:56.881 7923 7923 D VRI[GeneralSettingsActivity]: onFocusEvent false
11-26 05:32:57.074 7923 8085 D VRI[PopupWindow:43b4dab]: dispatchAppVisibility visible:false
11-26 05:32:57.074 7923 8031 D VRI[GeneralSettingsActivity]: dispatchAppVisibility visible:false
11-26 05:32:57.087 7923 7923 D OpenGLRenderer: RenderProxy::destroy: this=0xb40000707df44c00, mContext=0xb40000707167fac0
11-26 05:32:57.087 7923 7948 D OpenGLRenderer: SkiaOpenGLPipeline::setSurface: this=0xb4000070bc9a9c00, surface=NULL
11-26 05:32:57.088 7923 7948 D OpenGLRenderer: endAllActiveAnimators on 0xb40000707e068a00 (MenuPopupWindow$MenuDropDownListView) with handle 0xb4000070bc91b2a0
11-26 05:32:57.095 7923 7923 D BLASTBufferQueue: [VRI[PopupWindow:43b4dab][PopupWindow:43b4dab]#7](f:0,a:1) destructor()
11-26 05:32:57.095 7923 7923 D BufferQueueConsumer: [VRI[PopupWindow:43b4dab][PopupWindow:43b4dab]#7(BLAST Consumer)7](id:1ef300000007,api:0,p:-1,c:7923) disconnect
11-26 05:32:57.096 7923 7923 D OpenGLRenderer: RenderProxy::destroy: this=0xb40000709068be00, mContext=0xb4000070adbaabc0
11-26 05:32:57.096 7923 7948 D OpenGLRenderer: SkiaOpenGLPipeline::setSurface: this=0xb4000070bc8f1600, surface=NULL
11-26 05:32:57.101 7923 7923 D BLASTBufferQueue: [VRI[GeneralSettingsActivity][com.fsck.k9/com.fsck.k9.ui.settings.general.GeneralSettingsActivity]#6](f:0,a:1) destructor()
11-26 05:32:57.101 7923 7923 D BufferQueueConsumer: [VRI[GeneralSettingsActivity][com.fsck.k9/com.fsck.k9.ui.settings.general.GeneralSettingsActivity]#6(BLAST Consumer)6](id:1ef300000006,api:0,p:-1,c:7923) disconnect
11-26 05:32:57.168 7923 7923 D OplusScrollToTopManager: PopupWindow:43b4dab,window dying
11-26 05:32:57.168 7923 7923 D OplusScrollToTopManager: PopupWindow:43b4dab,unregisterSystemUIBroadcastReceiver
11-26 05:32:57.168 7923 7923 D OplusScrollToTopManager: PopupWindow:43b4dab, unregisterSystemUIBroadcastReceiver failed java.lang.IllegalArgumentException: Receiver not registered: android.view.OplusScrollToTopManager$2@eae3b0a
11-26 05:32:57.169 7923 7923 V ZoomWindowDecorView: removeZoomView
11-26 05:32:57.170 7923 7923 D OpenGLRenderer: RenderProxy::destroy: this=0xb40000707df44c00, mContext=0xb40000707167fac0
11-26 05:32:57.170 7923 7948 D OpenGLRenderer: SkiaOpenGLPipeline::setSurface: this=0xb4000070bc9a9c00, surface=NULL
11-26 05:32:57.700 7923 7923 D VRI[GeneralSettingsActivity]: setWindowStopped stopped:true
11-26 05:32:57.894 7923 7923 D OplusScrollToTopManager: com.fsck.k9/com.fsck.k9.ui.settings.general.GeneralSettingsActivity,This DecorView@9209bae[GeneralSettingsActivity] change focus to false
11-26 05:33:03.220 7923 15629 D VRI[GeneralSettingsActivity]: dispatchAppVisibility visible:true
11-26 05:33:03.233 7923 7923 D CompatibilityChangeReporter: Compat change id reported: 78294732; UID 10031; state: ENABLED
11-26 05:33:03.233 7923 7923 D VRI[GeneralSettingsActivity]: setWindowStopped stopped:false
11-26 05:33:03.233 7923 7923 W OnBackInvokedCallback: OnBackInvokedCallback is not enabled for the application.
11-26 05:33:03.233 7923 7923 W OnBackInvokedCallback: Set 'android:enableOnBackInvokedCallback="true"' in the application manifest.
11-26 05:33:03.237 7923 12138 V LogcatLogFileWriter: Writing logcat output to content URI: content://com.android.providers.downloads.documents/document/2772
11-26 05:33:03.250 7923 7923 V TextView: notifyAutoFillManagerAfterTextChanged
11-26 05:33:03.250 7923 7923 V AutofillManager: notifyValueChanged(1073741828): ignoring on state UNKNOWN
11-26 05:33:03.251 7923 7923 V TextView: notifyAutoFillManagerAfterTextChanged
11-26 05:33:03.251 7923 7923 V AutofillManager: notifyValueChanged(1073741828): ignoring on state UNKNOWN
11-26 05:33:03.252 7923 7923 V TextView: notifyAutoFillManagerAfterTextChanged
11-26 05:33:03.252 7923 7923 V AutofillManager: notifyValueChanged(1073741828): ignoring on state UNKNOWN
11-26 05:33:03.273 7923 7923 D BufferQueueConsumer: [](id:1ef300000008,api:0,p:-1,c:7923) connect: controlledByApp=false
11-26 05:33:03.273 7923 7923 E IPCThreadState: attemptIncStrongHandle(92): Not supported
11-26 05:33:03.274 7923 7923 E IPCThreadState: attemptIncStrongHandle(87): Not supported
11-26 05:33:03.276 7923 7923 D VRI[GeneralSettingsActivity]: registerCallbacksForSync syncBuffer=false
11-26 05:33:03.286 7923 7948 D BLASTBufferQueue: [VRI[GeneralSettingsActivity][com.fsck.k9/com.fsck.k9.ui.settings.general.GeneralSettingsActivity]#8](f:0,a:1) acquireNextBufferLocked size=1080x2400 mFrameNumber=1 applyTransaction=true mTimestamp=139267410145453(auto) mPendingTransactions.size=0 graphicBufferId=34029025886240 transform=0
11-26 05:33:03.287 7923 7948 D VRI[GeneralSettingsActivity]: Received frameCommittedCallback lastAttemptedDrawFrameNum=1 didProduceBuffer=true syncBuffer=false
11-26 05:33:03.287 7923 7923 D VRI[GeneralSettingsActivity]: draw finished.