---- 2024年9月25日 下午7:59:09 ----
09-25 17:50:21.921 2197 2384 I WindowManager: wms.showSurfaceRobustly mWin:Window{237fe40 u0 tv.danmaku.bili/com.bilibili.ship.theseus.detail.UnitedBizDetailsActivity}
09-25 17:50:21.956 2197 8614 W SecurityInputMethodSwitcher: first check switch to security ime: false
09-25 17:50:21.957 2197 8614 W SecurityInputMethodSwitcher: double check switch to security ime: false
09-25 17:50:21.957 2197 8614 W SecurityInputMethodSwitcher: switch to other input method from security ime:false mayChangeToMiuiSecurityInputMethod: false current focus window: android.os.BinderProxy@f33b5c3
09-25 17:50:21.959 2197 6621 I InputMethodManagerService: IMMS.showSoftInput(), client = com.android.internal.inputmethod.IInputMethodClient$Stub$Proxy@97bf64
09-25 17:50:21.961 2197 6621 I InputMethodManagerService: IMMS.showCurrentInputLocked(), flags = 1
09-25 17:50:21.962 2197 6621 I SmartPower: com.sohu.inputmethod.sogou.xiaomi/10182(9527): background->visible(2770ms) R(show input method) adj=100.
09-25 17:50:21.962 2197 6621 I DefaultImeVisibilityApplier: IMMS.showCurrentInputLocked request ims to show inputMethod.
09-25 17:50:21.986 2197 6620 I InputMethodManagerService: IMMS.applyImeVisibility(), setVisible = true, mCurclient = ClientState{2603a60 mUid=10306 mPid=1140 mSelfReportedDisplayId=0}
09-25 17:50:21.986 2197 6620 I WindowManager: WMS.showImePostLayout(), imeTarget = Window{237fe40 u0 tv.danmaku.bili/com.bilibili.ship.theseus.detail.UnitedBizDetailsActivity}
09-25 17:50:21.995 2197 2383 I DisplayDeviceRepository: Display device changed: DisplayDeviceInfo{"内置屏幕": uniqueId="local:4630946416293825923", 1440 x 3200, modeId 2, renderFrameRate 120.00001, defaultModeId 2, supportedModes [{id=1, width=1440, height=3200, fps=60.000004, alternativeRefreshRates=[30.000002, 40.0, 90.0, 120.00001, 120.00001, 120.00001], supportedHdrTypes=[1, 2, 3, 4]}, {id=2, width=1440, height=3200, fps=120.00001, alternativeRefreshRates=[30.000002, 40.0, 60.000004, 60.000004, 60.000004, 60.000004, 60.000004, 90.0], supportedHdrTypes=[1, 2, 3, 4]}, {id=3, width=1440, height=3200, fps=90.0, alternativeRefreshRates=[30.000002, 40.0, 60.000004, 60.000004, 60.000004, 60.000004, 60.000004, 120.00001, 120.00001, 120.00001], supportedHdrTypes=[1, 2, 3, 4]}, {id=4, width=1440, height=3200, fps=40.0, alternativeRefreshRates=[30.000002, 60.000004, 60.000004, 60.000004, 60.000004, 60.000004, 90.0, 120.00001, 120.00001, 120.00001], supportedHdrTypes=[1, 2, 3, 4]}, {id=5, width=1440, height=3200, fps=30.000002, alternativeRefreshRates=[40.0, 60.000004, 60.000004, 60.000004, 60.000004, 60.000004, 90.0, 120.00001, 120.00001, 120.00001], supportedHdrTypes=[1, 2, 3, 4]}], colorMode 0, supportedColorModes [0, 7, 9], hdrCapabilities HdrCapabilities{mSupportedHdrTypes=[1, 2, 3, 4], mMaxLuminance=1250.0, mMaxAverageLuminance=625.1615, mMinLuminance=0.323}, allmSupported false, gameContentTypeSupported false, density 560, 521.768 x 521.694 dpi, appVsyncOff 1000000, presDeadline 11333333, cutout DisplayCutout{insets=Rect(0, 147 - 0, 0) waterfall=Insets{left=0, top=0, right=0, bottom=0} boundingRect={Bounds=[Rect(0, 0 - 0, 0), Rect(678, 0 - 762, 147), Rect(0, 0 - 0, 0), Rect(0, 0 - 0, 0)]} cutoutPathParserInfo={CutoutPathParserInfo{displayWidth=1440 displayHeight=3200 physicalDisplayWidth=1440 physicalDisplayHeight=3200 density={3.5} cutoutSpec={M 0,0 H -42 V 147 H 42 V 0 H 0 Z} rotation={0} scale={1.0} physicalPixelDisplaySizeRatio={1.0}}}}, touch INTERNAL, rotation 0, type INTERNAL, address {port=131, model=0x40446d3ad50fcd}, deviceProductInfo DeviceProductInfo{name=, manufacturerPnpId=QCM, productId=1, modelYear=null, manufactureDate=ManufactureDate{week=27, year=2006}, connectionToSinkType=0}, state ON, committedState ON, frameRateOverride , brightnessMinimum 0.0, brightnessMaximum 1.0, brightnessDefault 0.07496032, hdrSdrRatio 1.0, roundedCorners RoundedCorners{[RoundedCorner{position=TopLeft, radius=147, center=Point(147, 147)}, RoundedCorner{position=TopRight, radius=147, center=Point(1293, 147)}, RoundedCorner{position=BottomRight, radius=147, center=Point(1293, 3053)}, RoundedCorner{position=BottomLeft, radius=147, center=Point(147, 3053)}]}, FLAG_ALLOWED_TO_BE_DEFAULT_DISPLAY, FLAG_ROTATES_WITH_CONTENT, FLAG_SECURE, FLAG_SUPPORTS_PROTECTED_BUFFERS, FLAG_TRUSTED, installOrientation 0, displayShape DisplayShape{ spec=1406003047 displayWidth=1440 displayHeight=3200 physicalPixelDisplaySizeRatio=1.0 rotation=0 offsetX=0 offsetY=0 scale=1.0}}
09-25 17:50:22.033 2197 2384 I ImeInsetsSourceProvider: ImeInsetsSourceProvider.scheduleShowImePostLayout() Run showImeRunner.
09-25 17:50:22.033 2197 2384 I ImeInsetsSourceProvider: ImeInsetsSourceProvider.scheduleShowImePostLayout() isReadyToShowIme.
09-25 17:50:22.036 2197 4842 I DisplayModeDirectorImpl: onDesiredDisplayModeSpecsChanged:baseModeId=1 allowGroupSwitching=false primary=physical: (0.0 Infinity) render: (0.0 120.0) appRequest=physical: (0.0 Infinity) render: (0.0 120.0) noVotes=true
09-25 17:50:22.038 2197 2384 I WindowManager: input method visible height changed 1173
09-25 17:50:22.038 2197 2384 I ITouchFeature: current device and process support version:3
09-25 17:50:22.044 2197 2384 I WindowManager: wms.showSurfaceRobustly mWin:Window{5858f15 u0 InputMethod}
09-25 17:50:22.050 2197 2383 I DisplayModeDirectorImpl: onDesiredDisplayModeSpecsChanged:baseModeId=2 allowGroupSwitching=false primary=physical: (0.0 Infinity) render: (0.0 120.0) appRequest=physical: (0.0 Infinity) render: (0.0 120.0) noVotes=false
09-25 17:50:22.109 2197 5487 I ActivityManager: Flag disabled. Ignoring finishAttachApplication from uid: 10306. pid: 8213
09-25 17:50:22.176 2197 6620 E AppOps : attributionTag MiuiBlueLocationManager#noteOpUseMyIdentity not declared in manifest of com.xiaomi.metoknlp
09-25 17:50:22.178 2197 6620 E AppOps : attributionTag MiuiBlueLocationManager#noteOpUseMyIdentity not declared in manifest of com.google.android.gms
09-25 17:50:22.236 2197 2363 E AppOps : attributionTag MiuiBlueLocationManager#noteOpUseMyIdentity not declared in manifest of com.mi.health
09-25 17:50:22.236 2197 2363 E AppOps : attributionTag MiuiBlueLocationManager#noteOpUseMyIdentity not declared in manifest of com.xiaomi.metoknlp
09-25 17:50:22.237 2197 2363 E AppOps : attributionTag MiuiBlueLocationManager#noteOpUseMyIdentity not declared in manifest of com.xiaomi.metoknlp
09-25 17:50:22.239 2197 2363 E AppOps : attributionTag MiuiBlueLocationManager#noteOpUseMyIdentity not declared in manifest of com.google.android.gms
09-25 17:50:22.242 2197 2363 E AppOps : attributionTag MiuiBlueLocationManager#noteOpUseMyIdentity not declared in manifest of com.google.android.gms
09-25 17:50:22.244 2197 2363 E AppOps : attributionTag MiuiBlueLocationManager#noteOpUseMyIdentity not declared in manifest of com.xiaomi.aicr
09-25 17:50:22.334 2197 2366 I ThermalObserver: Gallery hdr is disable by thermal.
09-25 17:50:22.538 2197 4754 I SmartPower: com.google.android.webview:sandboxed_process0:org.chromium.content.app.SandboxedPr-1->background(0ms) R(become background) adj=-10000.
09-25 17:50:22.556 2197 2395 I ActivityManager: Start proc 8549:com.google.android.webview:sandboxed_process0:org.chromium.content.app.SandboxedProcessService0:0/u0i162 for {tv.danmaku.bili/org.chromium.content.app.SandboxedProcessService0:0} caller=tv.danmaku.bili
09-25 17:50:22.599 2197 6621 I SmartPower: com.google.android.webview:webview_service/10185(13447): idle->background(284929ms) R(service create com.google.android.webview/org.chromium.android_webview.services.ComponentsProviderService) adj=0.
09-25 17:50:22.599 8549 8549 E MQSEventManagerDelegate: failed to get MQSService.
09-25 17:50:22.599 8549 8549 W ActivityThread: registerApplicationScoutThread result:false
09-25 17:50:22.605 8549 8601 I ActivityThread: SetSystemFontMap done
09-25 17:50:22.610 8549 8601 I ActivityThread: Setup proxies done
09-25 17:50:22.611 8549 8601 E ForceDarkHelperStubImpl: getForceDarkOriginState transact failed , mService: null
09-25 17:50:22.616 8549 8601 I ActivityThread: Miui Feature Init done
09-25 17:50:22.617 2197 6621 I ActivityManager: Flag disabled. Ignoring finishAttachApplication from uid: 99162. pid: 8549
09-25 17:50:22.651 2197 4837 I SmartPower: com.xiaomi.smarthome:plugin0/10604(15555): background->idle(3003ms) R(broadcast start Intent { act=android.intent.action.CLOSE_SYSTEM_DIALOGS flg=0x50000010 (has extras) }) adj=920.
09-25 17:50:22.651 2197 4837 I SmartPower: com.xiaomi.smarthome/10604(26762): background->idle(3004ms) R(broadcast start Intent { act=android.intent.action.CLOSE_SYSTEM_DIALOGS flg=0x50000010 (has extras) }) adj=902.
09-25 17:50:22.728 2197 6016 I ActivityManager: Flag disabled. Ignoring finishAttachApplication from uid: 10306. pid: 8206
09-25 17:50:22.839 2197 4831 E CameraCoveredManager: cupMuraCoveredAnimation but not support camera covered feature!
09-25 17:50:22.839 2197 6016 I InputMethodManagerService: IMMS.applyImeVisibility(), setVisible = false, mCurclient = ClientState{2603a60 mUid=10306 mPid=1140 mSelfReportedDisplayId=0}
09-25 17:50:22.842 2197 4842 I DisplayModeDirectorImpl: onDesiredDisplayModeSpecsChanged:baseModeId=1 allowGroupSwitching=false primary=physical: (0.0 Infinity) render: (0.0 120.0) appRequest=physical: (0.0 Infinity) render: (0.0 120.0) noVotes=true
09-25 17:50:22.852 2197 2384 I WindowManager: input method visible height changed 0
09-25 17:50:22.852 2197 2384 I ITouchFeature: current device and process support version:3
09-25 17:50:22.863 2197 2383 I DisplayDeviceRepository: Display device changed: DisplayDeviceInfo{"内置屏幕": uniqueId="local:4630946416293825923", 1440 x 3200, modeId 2, renderFrameRate 120.00001, defaultModeId 2, supportedModes [{id=1, width=1440, height=3200, fps=60.000004, alternativeRefreshRates=[30.000002, 40.0, 90.0, 120.00001, 120.00001, 120.00001], supportedHdrTypes=[1, 2, 3, 4]}, {id=2, width=1440, height=3200, fps=120.00001, alternativeRefreshRates=[30.000002, 40.0, 60.000004, 60.000004, 60.000004, 60.000004, 60.000004, 90.0], supportedHdrTypes=[1, 2, 3, 4]}, {id=3, width=1440, height=3200, fps=90.0, alternativeRefreshRates=[30.000002, 40.0, 60.000004, 60.000004, 60.000004, 60.000004, 60.000004, 120.00001, 120.00001, 120.00001], supportedHdrTypes=[1, 2, 3, 4]}, {id=4, width=1440, height=3200, fps=40.0, alternativeRefreshRates=[30.000002, 60.000004, 60.000004, 60.000004, 60.000004, 60.000004, 90.0, 120.00001, 120.00001, 120.00001], supportedHdrTypes=[1, 2, 3, 4]}, {id=5, width=1440, height=3200, fps=30.000002, alternativeRefreshRates=[40.0, 60.000004, 60.000004, 60.000004, 60.000004, 60.000004, 90.0, 120.00001, 120.00001, 120.00001], supportedHdrTypes=[1, 2, 3, 4]}], colorMode 0, supportedColorModes [0, 7, 9], hdrCapabilities HdrCapabilities{mSupportedHdrTypes=[1, 2, 3, 4], mMaxLuminance=1250.0, mMaxAverageLuminance=625.1615, mMinLuminance=0.323}, allmSupported false, gameContentTypeSupported false, density 560, 521.768 x 521.694 dpi, appVsyncOff 1000000, presDeadline 11333333, cutout DisplayCutout{insets=Rect(0, 147 - 0, 0) waterfall=Insets{left=0, top=0, right=0, bottom=0} boundingRect={Bounds=[Rect(0, 0 - 0, 0), Rect(678, 0 - 762, 147), Rect(0, 0 - 0, 0), Rect(0, 0 - 0, 0)]} cutoutPathParserInfo={CutoutPathParserInfo{displayWidth=1440 displayHeight=3200 physicalDisplayWidth=1440 physicalDisplayHeight=3200 density={3.5} cutoutSpec={M 0,0 H -42 V 147 H 42 V 0 H 0 Z} rotation={0} scale={1.0} physicalPixelDisplaySizeRatio={1.0}}}}, touch INTERNAL, rotation 0, type INTERNAL, address {port=131, model=0x40446d3ad50fcd}, deviceProductInfo DeviceProductInfo{name=, manufacturerPnpId=QCM, productId=1, modelYear=null, manufactureDate=ManufactureDate{week=27, year=2006}, connectionToSinkType=0}, state ON, committedState ON, frameRateOverride , brightnessMinimum 0.0, brightnessMaximum 1.0, brightnessDefault 0.07496032, hdrSdrRatio 1.0, roundedCorners RoundedCorners{[RoundedCorner{position=TopLeft, radius=147, center=Point(147, 147)}, RoundedCorner{position=TopRight, radius=147, center=Point(1293, 147)}, RoundedCorner{position=BottomRight, radius=147, center=Point(1293, 3053)}, RoundedCorner{position=BottomLeft, radius=147, center=Point(147, 3053)}]}, FLAG_ALLOWED_TO_BE_DEFAULT_DISPLAY, FLAG_ROTATES_WITH_CONTENT, FLAG_SECURE, FLAG_SUPPORTS_PROTECTED_BUFFERS, FLAG_TRUSTED, installOrientation 0, displayShape DisplayShape{ spec=1406003047 displayWidth=1440 displayHeight=3200 physicalPixelDisplaySizeRatio=1.0 rotation=0 offsetX=0 offsetY=0 scale=1.0}}
09-25 17:50:22.864 2197 2383 I DisplayModeDirectorImpl: onDesiredDisplayModeSpecsChanged:baseModeId=2 allowGroupSwitching=false primary=physical: (0.0 Infinity) render: (0.0 120.0) appRequest=physical: (0.0 Infinity) render: (0.0 120.0) noVotes=false
09-25 17:50:23.174 2197 6621 E AppOps : attributionTag MiuiBlueLocationManager#noteOpUseMyIdentity not declared in manifest of com.xiaomi.metoknlp
09-25 17:50:23.176 2197 6621 E AppOps : attributionTag MiuiBlueLocationManager#noteOpUseMyIdentity not declared in manifest of com.google.android.gms
09-25 17:50:23.206 2197 2363 E AppOps : attributionTag MiuiBlueLocationManager#noteOpUseMyIdentity not declared in manifest of com.mi.health
09-25 17:50:23.207 2197 2363 E AppOps : attributionTag MiuiBlueLocationManager#noteOpUseMyIdentity not declared in manifest of com.xiaomi.metoknlp
09-25 17:50:23.210 2197 2363 E AppOps : attributionTag MiuiBlueLocationManager#noteOpUseMyIdentity not declared in manifest of com.xiaomi.metoknlp
09-25 17:50:23.210 2197 2363 E AppOps : attributionTag MiuiBlueLocationManager#noteOpUseMyIdentity not declared in manifest of com.google.android.gms
09-25 17:50:23.213 2197 2363 E AppOps : attributionTag MiuiBlueLocationManager#noteOpUseMyIdentity not declared in manifest of com.google.android.gms
09-25 17:50:23.214 2197 2363 E AppOps : attributionTag MiuiBlueLocationManager#noteOpUseMyIdentity not declared in manifest of com.xiaomi.aicr
09-25 17:50:23.601 5669 5669 I MiuiBubbleSettings: com.paget96.batteryguru 0isAppEnableBubbleNotification: false
09-25 17:50:23.662 2197 6265 I SmartPower: com.sohu.inputmethod.sogou.xiaomi/10182(9527): visible->invisible(1701ms) R(become invisible) adj=100.
09-25 17:50:23.663 2197 6265 I SmartPower: com.sohu.inputmethod.sogou.xiaomi/10182(9527): invisible->background(0ms) R(become background) adj=100.
09-25 17:50:24.181 2197 6265 E AppOps : attributionTag MiuiBlueLocationManager#noteOpUseMyIdentity not declared in manifest of com.xiaomi.metoknlp
09-25 17:50:24.183 2197 6265 E AppOps : attributionTag MiuiBlueLocationManager#noteOpUseMyIdentity not declared in manifest of com.google.android.gms
09-25 17:50:24.212 2197 4837 I SmartPower: com.miui.personalassistant/10132(9055): background->idle(3006ms) R(become background) adj=100.
09-25 17:50:24.217 2197 2363 E AppOps : attributionTag MiuiBlueLocationManager#noteOpUseMyIdentity not declared in manifest of com.mi.health
09-25 17:50:24.219 2197 2363 E AppOps : attributionTag MiuiBlueLocationManager#noteOpUseMyIdentity not declared in manifest of com.xiaomi.metoknlp
09-25 17:50:24.221 2197 2363 E AppOps : attributionTag MiuiBlueLocationManager#noteOpUseMyIdentity not declared in manifest of com.xiaomi.metoknlp
09-25 17:50:24.226 2197 2363 E AppOps : attributionTag MiuiBlueLocationManager#noteOpUseMyIdentity not declared in manifest of com.google.android.gms
09-25 17:50:24.230 2197 2363 E AppOps : attributionTag MiuiBlueLocationManager#noteOpUseMyIdentity not declared in manifest of com.google.android.gms
09-25 17:50:24.231 2197 2363 E AppOps : attributionTag MiuiBlueLocationManager#noteOpUseMyIdentity not declared in manifest of com.xiaomi.aicr
09-25 17:50:25.170 2197 6621 E AppOps : attributionTag MiuiBlueLocationManager#noteOpUseMyIdentity not declared in manifest of com.xiaomi.metoknlp
09-25 17:50:25.171 2197 6621 E AppOps : attributionTag MiuiBlueLocationManager#noteOpUseMyIdentity not declared in manifest of com.google.android.gms
09-25 17:50:25.230 2197 2363 E AppOps : attributionTag MiuiBlueLocationManager#noteOpUseMyIdentity not declared in manifest of com.mi.health
09-25 17:50:25.232 2197 2363 E AppOps : attributionTag MiuiBlueLocationManager#noteOpUseMyIdentity not declared in manifest of com.xiaomi.metoknlp
09-25 17:50:25.236 2197 2363 E AppOps : attributionTag MiuiBlueLocationManager#noteOpUseMyIdentity not declared in manifest of com.xiaomi.metoknlp
09-25 17:50:25.237 2197 2363 E AppOps : attributionTag MiuiBlueLocationManager#noteOpUseMyIdentity not declared in manifest of com.google.android.gms
09-25 17:50:25.239 2197 2363 E AppOps : attributionTag MiuiBlueLocationManager#noteOpUseMyIdentity not declared in manifest of com.google.android.gms
09-25 17:50:25.239 2197 2363 E AppOps : attributionTag MiuiBlueLocationManager#noteOpUseMyIdentity not declared in manifest of com.xiaomi.aicr
09-25 17:50:25.623 2197 4837 I SmartPower: com.google.android.webview:webview_service/10185(13447): background->idle(3024ms) R(adj below visible) adj=905.
09-25 17:50:26.169 2197 5487 E AppOps : attributionTag MiuiBlueLocationManager#noteOpUseMyIdentity not declared in manifest of com.xiaomi.metoknlp
09-25 17:50:26.170 2197 5487 E AppOps : attributionTag MiuiBlueLocationManager#noteOpUseMyIdentity not declared in manifest of com.google.android.gms
09-25 17:50:26.196 2197 2363 E AppOps : attributionTag MiuiBlueLocationManager#noteOpUseMyIdentity not declared in manifest of com.mi.health
09-25 17:50:26.197 2197 2363 E AppOps : attributionTag MiuiBlueLocationManager#noteOpUseMyIdentity not declared in manifest of com.xiaomi.metoknlp
09-25 17:50:26.199 2197 2363 E AppOps : attributionTag MiuiBlueLocationManager#noteOpUseMyIdentity not declared in manifest of com.xiaomi.metoknlp
09-25 17:50:26.200 2197 2363 E AppOps : attributionTag MiuiBlueLocationManager#noteOpUseMyIdentity not declared in manifest of com.google.android.gms
09-25 17:50:26.201 2197 2363 E AppOps : attributionTag MiuiBlueLocationManager#noteOpUseMyIdentity not declared in manifest of com.google.android.gms
09-25 17:50:26.202 2197 2363 E AppOps : attributionTag MiuiBlueLocationManager#noteOpUseMyIdentity not declared in manifest of com.xiaomi.aicr
09-25 17:50:27.169 2197 6620 E AppOps : attributionTag MiuiBlueLocationManager#noteOpUseMyIdentity not declared in manifest of com.xiaomi.metoknlp
09-25 17:50:27.170 2197 6620 E AppOps : attributionTag MiuiBlueLocationManager#noteOpUseMyIdentity not declared in manifest of com.google.android.gms
09-25 17:50:27.209 2197 2363 E AppOps : attributionTag MiuiBlueLocationManager#noteOpUseMyIdentity not declared in manifest of com.mi.health
09-25 17:50:27.211 2197 2363 E AppOps : attributionTag MiuiBlueLocationManager#noteOpUseMyIdentity not declared in manifest of com.xiaomi.metoknlp
09-25 17:50:27.212 2197 2363 E AppOps : attributionTag MiuiBlueLocationManager#noteOpUseMyIdentity not declared in manifest of com.xiaomi.metoknlp
09-25 17:50:27.213 2197 2363 E AppOps : attributionTag MiuiBlueLocationManager#noteOpUseMyIdentity not declared in manifest of com.google.android.gms
09-25 17:50:27.213 2197 2363 E AppOps : attributionTag MiuiBlueLocationManager#noteOpUseMyIdentity not declared in manifest of com.google.android.gms
09-25 17:50:27.214 2197 2363 E AppOps : attributionTag MiuiBlueLocationManager#noteOpUseMyIdentity not declared in manifest of com.xiaomi.aicr
09-25 17:50:27.813 5669 5669 I MiuiBubbleSettings: com.digibites.accubattery 0isAppEnableBubbleNotification: false
09-25 17:50:28.169 2197 4902 E AppOps : attributionTag MiuiBlueLocationManager#noteOpUseMyIdentity not declared in manifest of com.xiaomi.metoknlp
09-25 17:50:28.171 2197 4902 E AppOps : attributionTag MiuiBlueLocationManager#noteOpUseMyIdentity not declared in manifest of com.google.android.gms
09-25 17:50:28.217 2197 2363 E AppOps : attributionTag MiuiBlueLocationManager#noteOpUseMyIdentity not declared in manifest of com.mi.health
09-25 17:50:28.218 2197 2363 E AppOps : attributionTag MiuiBlueLocationManager#noteOpUseMyIdentity not declared in manifest of com.xiaomi.metoknlp
09-25 17:50:28.219 2197 2363 E AppOps : attributionTag MiuiBlueLocationManager#noteOpUseMyIdentity not declared in manifest of com.xiaomi.metoknlp
09-25 17:50:28.221 2197 2363 E AppOps : attributionTag MiuiBlueLocationManager#noteOpUseMyIdentity not declared in manifest of com.google.android.gms
09-25 17:50:28.221 2197 2363 E AppOps : attributionTag MiuiBlueLocationManager#noteOpUseMyIdentity not declared in manifest of com.google.android.gms
09-25 17:50:28.221 2197 2363 E AppOps : attributionTag MiuiBlueLocationManager#noteOpUseMyIdentity not declared in manifest of com.xiaomi.aicr
09-25 17:50:28.589 5669 5669 I MiuiBubbleSettings: com.paget96.batteryguru 0isAppEnableBubbleNotification: false
09-25 17:50:28.869 2197 2366 W ProcessStats: Tracking association SourceState{947e7d2 com.miui.securitycenter:ui/1000 BTop #416654} whose proc state 2 is better than process ProcessState{8b67dc3 com.miui.analytics/10143 pkg=com.miui.analytics} proc state 5 (2568 skipped)
09-25 17:50:29.169 2197 4902 E AppOps : attributionTag MiuiBlueLocationManager#noteOpUseMyIdentity not declared in manifest of com.xiaomi.metoknlp
09-25 17:50:29.170 2197 4902 E AppOps : attributionTag MiuiBlueLocationManager#noteOpUseMyIdentity not declared in manifest of com.google.android.gms
09-25 17:50:29.227 2197 2363 E AppOps : attributionTag MiuiBlueLocationManager#noteOpUseMyIdentity not declared in manifest of com.mi.health
09-25 17:50:29.229 2197 2363 E AppOps : attributionTag MiuiBlueLocationManager#noteOpUseMyIdentity not declared in manifest of com.xiaomi.metoknlp
09-25 17:50:29.230 2197 2363 E AppOps : attributionTag MiuiBlueLocationManager#noteOpUseMyIdentity not declared in manifest of com.xiaomi.metoknlp
09-25 17:50:29.231 2197 2363 E AppOps : attributionTag MiuiBlueLocationManager#noteOpUseMyIdentity not declared in manifest of com.google.android.gms
09-25 17:50:29.233 2197 2363 E AppOps : attributionTag MiuiBlueLocationManager#noteOpUseMyIdentity not declared in manifest of com.google.android.gms
09-25 17:50:29.234 2197 2363 E AppOps : attributionTag MiuiBlueLocationManager#noteOpUseMyIdentity not declared in manifest of com.xiaomi.aicr
09-25 17:50:30.168 2197 7945 E AppOps : attributionTag MiuiBlueLocationManager#noteOpUseMyIdentity not declared in manifest of com.xiaomi.metoknlp
09-25 17:50:30.169 2197 7945 E AppOps : attributionTag MiuiBlueLocationManager#noteOpUseMyIdentity not declared in manifest of com.google.android.gms
09-25 17:50:30.199 2197 2363 E AppOps : attributionTag MiuiBlueLocationManager#noteOpUseMyIdentity not declared in manifest of com.mi.health
09-25 17:50:30.201 2197 2363 E AppOps : attributionTag MiuiBlueLocationManager#noteOpUseMyIdentity not declared in manifest of com.xiaomi.metoknlp
09-25 17:50:30.203 2197 2363 E AppOps : attributionTag MiuiBlueLocationManager#noteOpUseMyIdentity not declared in manifest of com.xiaomi.metoknlp
09-25 17:50:30.204 2197 2363 E AppOps : attributionTag MiuiBlueLocationManager#noteOpUseMyIdentity not declared in manifest of com.google.android.gms
09-25 17:50:30.206 2197 2363 E AppOps : attributionTag MiuiBlueLocationManager#noteOpUseMyIdentity not declared in manifest of com.google.android.gms
09-25 17:50:30.207 2197 2363 E AppOps : attributionTag MiuiBlueLocationManager#noteOpUseMyIdentity not declared in manifest of com.xiaomi.aicr
09-25 17:50:30.852 2197 5488 E AppOps : attributionTag MiuiBlueLocationManager#noteOpUseMyIdentity not declared in manifest of com.xiaomi.metoknlp
09-25 17:50:31.168 2197 5488 E AppOps : attributionTag MiuiBlueLocationManager#noteOpUseMyIdentity not declared in manifest of com.xiaomi.metoknlp
09-25 17:50:31.169 2197 5488 E AppOps : attributionTag MiuiBlueLocationManager#noteOpUseMyIdentity not declared in manifest of com.google.android.gms
09-25 17:50:31.214 2197 2363 E AppOps : attributionTag MiuiBlueLocationManager#noteOpUseMyIdentity not declared in manifest of com.mi.health
09-25 17:50:31.216 2197 2363 E AppOps : attributionTag MiuiBlueLocationManager#noteOpUseMyIdentity not declared in manifest of com.xiaomi.metoknlp
09-25 17:50:31.217 2197 2363 E AppOps : attributionTag MiuiBlueLocationManager#noteOpUseMyIdentity not declared in manifest of com.xiaomi.metoknlp
09-25 17:50:31.218 2197 2363 E AppOps : attributionTag MiuiBlueLocationManager#noteOpUseMyIdentity not declared in manifest of com.google.android.gms
09-25 17:50:31.218 2197 2363 E AppOps : attributionTag MiuiBlueLocationManager#noteOpUseMyIdentity not declared in manifest of com.google.android.gms
09-25 17:50:31.219 2197 2363 E AppOps : attributionTag MiuiBlueLocationManager#noteOpUseMyIdentity not declared in manifest of com.xiaomi.aicr
09-25 17:50:32.170 2197 5488 E AppOps : attributionTag MiuiBlueLocationManager#noteOpUseMyIdentity not declared in manifest of com.xiaomi.metoknlp
09-25 17:50:32.172 2197 5488 E AppOps : attributionTag MiuiBlueLocationManager#noteOpUseMyIdentity not declared in manifest of com.google.android.gms
09-25 17:50:32.222 2197 2363 E AppOps : attributionTag MiuiBlueLocationManager#noteOpUseMyIdentity not declared in manifest of com.mi.health
09-25 17:50:32.228 2197 2363 E AppOps : attributionTag MiuiBlueLocationManager#noteOpUseMyIdentity not declared in manifest of com.xiaomi.metoknlp
09-25 17:50:32.229 2197 2363 E AppOps : attributionTag MiuiBlueLocationManager#noteOpUseMyIdentity not declared in manifest of com.xiaomi.metoknlp
09-25 17:50:32.230 2197 2363 E AppOps : attributionTag MiuiBlueLocationManager#noteOpUseMyIdentity not declared in manifest of com.google.android.gms
09-25 17:50:32.230 2197 2363 E AppOps : attributionTag MiuiBlueLocationManager#noteOpUseMyIdentity not declared in manifest of com.google.android.gms
09-25 17:50:32.231 2197 2363 E AppOps : attributionTag MiuiBlueLocationManager#noteOpUseMyIdentity not declared in manifest of com.xiaomi.aicr
09-25 17:50:32.325 2197 2366 I ThermalObserver: Gallery hdr is disable by thermal.
09-25 17:50:32.856 2197 2394 I SmartPower: com.miui.voiceassist:core/10187(8533): idle->background(11605ms) R(broadcast start Intent { act=com.miui.fullscreen_state_change flg=0x10 (has extras) }) adj=200.
09-25 17:50:32.856 2197 2394 I SmartPower: com.miui.systemAdSolution/10165(17565): idle->background(12127ms) R(broadcast start Intent { act=com.miui.fullscreen_state_change flg=0x10 (has extras) }) adj=100.
09-25 17:50:32.866 2197 5488 I BLASTSyncEngine: SyncGroup 4543: Unfinished container:ActivityRecord{952ef26 u0 com.miui.home/.launcher.Launcher t2}
09-25 17:50:32.866 2197 5488 I ActivityRecordImpl: isReadyForStartingWindow topActivity = ActivityRecord{952ef26 u0 com.miui.home/.launcher.Launcher t2} isLaunchSourceTypeHome = false topActivity.mStartingWindow = null topActivity.mStartingData = null topActivity.finishing = false
09-25 17:50:32.866 2197 5488 I BLASTSyncEngine: isActivitySyncFinished isSyncFinished false ActivityRecord{952ef26 u0 com.miui.home/.launcher.Launcher t2}
09-25 17:50:32.886 2197 7945 I BLASTSyncEngine: SyncGroup 4543: Unfinished container:ActivityRecord{952ef26 u0 com.miui.home/.launcher.Launcher t2}
09-25 17:50:32.886 2197 7945 I ActivityRecordImpl: isReadyForStartingWindow topActivity = ActivityRecord{952ef26 u0 com.miui.home/.launcher.Launcher t2} isLaunchSourceTypeHome = false topActivity.mStartingWindow = null topActivity.mStartingData = null topActivity.finishing = false
09-25 17:50:32.886 2197 7945 I BLASTSyncEngine: isActivitySyncFinished isSyncFinished false ActivityRecord{952ef26 u0 com.miui.home/.launcher.Launcher t2}
09-25 17:50:32.893 2197 6130 I SmartPower: com.miui.personalassistant/10132(9055): idle->visible(8682ms) R(become visible) adj=0.
09-25 17:50:32.904 2197 6130 I BLASTSyncEngine: SyncGroup 4543: Unfinished container:ActivityRecord{952ef26 u0 com.miui.home/.launcher.Launcher t2}
09-25 17:50:32.905 2197 6130 I ActivityRecordImpl: isReadyForStartingWindow topActivity = ActivityRecord{952ef26 u0 com.miui.home/.launcher.Launcher t2} isLaunchSourceTypeHome = false topActivity.mStartingWindow = null topActivity.mStartingData = null topActivity.finishing = false
09-25 17:50:32.905 2197 6130 I BLASTSyncEngine: isActivitySyncFinished isSyncFinished false ActivityRecord{952ef26 u0 com.miui.home/.launcher.Launcher t2}
09-25 17:50:32.914 2197 2384 I BLASTSyncEngine: SyncGroup 4543: Unfinished container:ActivityRecord{952ef26 u0 com.miui.home/.launcher.Launcher t2}
09-25 17:50:32.914 2197 2384 I ActivityRecordImpl: isReadyForStartingWindow topActivity = ActivityRecord{952ef26 u0 com.miui.home/.launcher.Launcher t2} isLaunchSourceTypeHome = false topActivity.mStartingWindow = null topActivity.mStartingData = null topActivity.finishing = false
09-25 17:50:32.914 2197 2384 I BLASTSyncEngine: isActivitySyncFinished isSyncFinished false ActivityRecord{952ef26 u0 com.miui.home/.launcher.Launcher t2}
09-25 17:50:32.915 9109 11812 W ContextImpl: Calling a method in the system process without a qualified user: android.app.ContextImpl.sendBroadcast:1246 android.content.ContextWrapper.sendBroadcast:520 k6.a.e:24 y6.n.m:106 com.miui.gamebooster.service.VideoToolBoxService$f.handleMessage:42
09-25 17:50:32.918 2197 2384 I WindowManager: wms.showSurfaceRobustly mWin:Window{ff65718 u0 com.miui.miwallpaper.wallpaperservice.ImageWallpaper}
09-25 17:50:32.918 2197 2384 I WindowManager: wms.showSurfaceRobustly mWin:Window{a5f239 u0 com.miui.miwallpaper.wallpaperservice.MiuiKeyguardPictorialWallpaper}
09-25 17:50:32.919 2197 2384 I WindowManager: wms.showSurfaceRobustly mWin:Window{d75af7f u0 LauncherOverlayWindow:com.miui.personalassistant}
09-25 17:50:32.919 2197 2384 I WindowManager: wms.showSurfaceRobustly mWin:Window{be64465 u0 com.miui.home/com.miui.home.launcher.Launcher}
09-25 17:50:32.921 2197 2384 I BLASTSyncEngine: finishNow: after onTransactionReady, mSyncId=4543
09-25 17:50:32.923 5669 5669 E onWindowDecorRectChanged: start size:0
09-25 17:50:32.926 5669 5669 E onWindowDecorRectChanged: start size:1
09-25 17:50:32.926 5669 5669 E onWindowDecorRectChanged: windowDecorRects: Rect(611, 14 - 828, 182)
09-25 17:50:32.926 2197 6130 E ActivityTaskManager: Can't call setRunningRemoteTransition from a process (pid=5669 uid=1000) which isn't itself running a remote transition.
09-25 17:50:32.930 2197 5353 I SmartPower: com.miui.securityadd/10163(4325): idle->background(103259ms) R(service unbind com.miui.securityadd/com.miui.gamebooster.service.ActiveService) adj=905.
09-25 17:50:32.937 2197 4842 I DisplayModeDirectorImpl: onDesiredDisplayModeSpecsChanged:baseModeId=1 allowGroupSwitching=false primary=physical: (0.0 Infinity) render: (0.0 120.0) appRequest=physical: (0.0 Infinity) render: (0.0 120.0) noVotes=true
09-25 17:50:32.942 2197 2383 I DisplayModeDirectorImpl: onDesiredDisplayModeSpecsChanged:baseModeId=2 allowGroupSwitching=false primary=physical: (0.0 Infinity) render: (0.0 120.0) appRequest=physical: (0.0 Infinity) render: (0.0 120.0) noVotes=false
09-25 17:50:32.959 2197 5488 I SmartPower: com.xiaomi.aireco:widgetProvider/10189(22048): idle->background(12177ms) R(service create com.xiaomi.aireco/.access.WidgetService) adj=999.
09-25 17:50:33.142 2197 4754 W WindowManager: App com.miui.home has a system alert window (type = 2038) with FLAG_NOT_TOUCHABLE and LayoutParams.alpha = 1.00 > 0.80, setting alpha to 0.80 to let touches pass through (if this is isn't desirable, remove flag FLAG_NOT_TOUCHABLE).
09-25 17:50:33.148 2197 4754 W WindowManager: App com.miui.home has a system alert window (type = 2038) with FLAG_NOT_TOUCHABLE and LayoutParams.alpha = 1.00 > 0.80, setting alpha to 0.80 to let touches pass through (if this is isn't desirable, remove flag FLAG_NOT_TOUCHABLE).
09-25 17:50:33.157 2197 2384 I WindowManager: wms.showSurfaceRobustly mWin:Window{c557816 u0 home_worldCirculate_and_smallWindow_crop}
09-25 17:50:33.170 2197 5488 E AppOps : attributionTag MiuiBlueLocationManager#noteOpUseMyIdentity not declared in manifest of com.xiaomi.metoknlp
09-25 17:50:33.170 2197 5488 E AppOps : attributionTag MiuiBlueLocationManager#noteOpUseMyIdentity not declared in manifest of com.google.android.gms
09-25 17:50:33.181 2197 6016 I AppWidgetServiceImpl: updateAppWidgetInstanceLocked widget: AppWidgetId{111:Host{HostId{user:0, app:10141, hostId:1024, pkg:com.miui.home}}:Provider{ProviderId{user:0, app:10189, cmp:ComponentInfo{com.xiaomi.aireco/com.xiaomi.aireco.ui.widgets.AppCaryardsWidget2x4}}}} from uid: 10189 pid: 22048
09-25 17:50:33.181 2197 6016 I AppWidgetServiceImpl: updateAppWidgetInstanceLocked widget: AppWidgetId{113:Host{HostId{user:0, app:10132, hostId:2048, pkg:com.miui.personalassistant}}:Provider{ProviderId{user:0, app:10189, cmp:ComponentInfo{com.xiaomi.aireco/com.xiaomi.aireco.ui.widgets.AppCaryardsWidget2x4}}}} from uid: 10189 pid: 22048
09-25 17:50:33.215 5669 5669 E onWindowDecorRectChanged: start size:0
09-25 17:50:33.228 2197 2363 E AppOps : attributionTag MiuiBlueLocationManager#noteOpUseMyIdentity not declared in manifest of com.mi.health
09-25 17:50:33.229 2197 2363 E AppOps : attributionTag MiuiBlueLocationManager#noteOpUseMyIdentity not declared in manifest of com.xiaomi.metoknlp
09-25 17:50:33.230 2197 2363 E AppOps : attributionTag MiuiBlueLocationManager#noteOpUseMyIdentity not declared in manifest of com.xiaomi.metoknlp
09-25 17:50:33.231 2197 2363 E AppOps : attributionTag MiuiBlueLocationManager#noteOpUseMyIdentity not declared in manifest of com.google.android.gms
09-25 17:50:33.233 2197 2363 E AppOps : attributionTag MiuiBlueLocationManager#noteOpUseMyIdentity not declared in manifest of com.google.android.gms
09-25 17:50:33.234 2197 2363 E AppOps : attributionTag MiuiBlueLocationManager#noteOpUseMyIdentity not declared in manifest of com.xiaomi.aicr
09-25 17:50:33.369 2197 2394 I SmartPower: com.miui.voiceassist/10187(9175): idle->background(12124ms) R(broadcast start Intent { act=android.intent.action.CLOSE_SYSTEM_DIALOGS flg=0x50000010 (has extras) }) adj=250.
09-25 17:50:33.370 2197 2394 I SmartPower: com.xiaomi.smarthome/10604(26762): idle->background(10718ms) R(broadcast start Intent { act=android.intent.action.CLOSE_SYSTEM_DIALOGS flg=0x50000010 (has extras) }) adj=902.
09-25 17:50:33.370 2197 2394 I SmartPower: com.xiaomi.smarthome:plugin0/10604(15555): idle->background(10719ms) R(broadcast start Intent { act=android.intent.action.CLOSE_SYSTEM_DIALOGS flg=0x50000010 (has extras) }) adj=901.
09-25 17:50:33.387 5669 5669 E onWindowDecorRectChanged: start size:1
09-25 17:50:33.387 5669 5669 E onWindowDecorRectChanged: windowDecorRects: Rect(611, 14 - 828, 182)
09-25 17:50:33.417 2197 2197 W AccessibilityManagerService: wait for adding window timeout: 15
09-25 17:50:33.589 5669 5669 I MiuiBubbleSettings: com.paget96.batteryguru 0isAppEnableBubbleNotification: false
09-25 17:50:33.654 2197 2197 W AccessibilityManagerService: wait for adding window timeout: 5719
09-25 17:50:33.769 2197 5488 I ActivityRecordImpl: pauseImmediately
09-25 17:50:33.770 2197 5488 I SmartPower: tv.danmaku.bili/10306(1140): visible->invisible(13313ms) R(become invisible) adj=102.
09-25 17:50:33.770 2197 5488 I SmartPower: tv.danmaku.bili:ijkservice/10306(20863): invisible->background(13346ms) R(become background) adj=250.
09-25 17:50:33.770 2197 5488 I SmartPower: tv.danmaku.bili:web/10306(8206): invisible->background(12442ms) R(become background) adj=500.
09-25 17:50:33.770 2197 5488 I SmartPower: tv.danmaku.bili:download/10306(4800): invisible->background(13345ms) R(become background) adj=900.
09-25 17:50:33.770 2197 5488 I SmartPower: tv.danmaku.bili/10306(1140): invisible->background(0ms) R(become background) adj=102.
09-25 17:50:33.770 2197 5488 I SmartPower: tv.danmaku.bili:pushservice/10306(8213): invisible->background(12517ms) R(become background) adj=500.
09-25 17:50:33.772 2197 5488 I SmartPower: com.coolapk.market:xg_vip_service/10465(16920): background->invisible(13360ms) R(become foreground) adj=700.
09-25 17:50:33.772 2197 5488 I SmartPower: com.coolapk.market/10465(16792): background->invisible(13360ms) R(become foreground) adj=700.
09-25 17:50:33.791 2197 6130 W WindowManager: Failed looking up window session=Session{8da5e2c 5669:1000} callers=com.android.server.wm.WindowManagerService.windowForClientLocked:6658 com.android.server.wm.WindowManagerService.removeWindow:2369 com.android.server.wm.Session.remove:235
09-25 17:50:33.796 2197 2384 I BLASTSyncEngine: SyncGroup 4544: Unfinished container:Task{fb43278 #37027 type=standard A=10465:com.coolapk.market}
09-25 17:50:33.796 2197 2384 I ActivityRecordImpl: isReadyForStartingWindow topActivity = ActivityRecord{19bb7db u0 com.coolapk.market/.view.main.MainActivity t37027} isLaunchSourceTypeHome = true topActivity.mStartingWindow = null topActivity.mStartingData = com.android.server.wm.SnapshotStartingData@ce8026f topActivity.finishing = false
09-25 17:50:33.796 2197 2384 I BLASTSyncEngine: isActivitySyncFinished isSyncFinished false Task{fb43278 #37027 type=standard A=10465:com.coolapk.market}
09-25 17:50:33.807 2197 5487 W InputMethodManagerService: Clear show forced flag.
09-25 17:50:33.807 2197 5487 W SecurityInputMethodSwitcher: first check switch to security ime: false
09-25 17:50:33.808 2197 5487 W SecurityInputMethodSwitcher: double check switch to security ime: false
09-25 17:50:33.811 2197 8620 I BLASTSyncEngine: SyncGroup 4544: Unfinished container:Task{fb43278 #37027 type=standard A=10465:com.coolapk.market}
09-25 17:50:33.811 2197 8620 I ActivityRecordImpl: isReadyForStartingWindow topActivity = ActivityRecord{19bb7db u0 com.coolapk.market/.view.main.MainActivity t37027} isLaunchSourceTypeHome = true topActivity.mStartingWindow = Window{8b9dc05 u0 SnapshotStartingWindow for taskId=37027} topActivity.mStartingData = com.android.server.wm.SnapshotStartingData@ce8026f topActivity.finishing = false
09-25 17:50:33.811 2197 8620 I BLASTSyncEngine: isActivitySyncFinished isSyncFinished false Task{fb43278 #37027 type=standard A=10465:com.coolapk.market}
09-25 17:50:33.811 2197 5487 W SecurityInputMethodSwitcher: switch to other input method from security ime:false mayChangeToMiuiSecurityInputMethod: false current focus window: android.os.BinderProxy@216595c
09-25 17:50:33.813 5669 5669 E onWindowDecorRectChanged: start size:0
09-25 17:50:33.825 2197 6621 I BLASTSyncEngine: SyncGroup 4544: Unfinished container:Task{fb43278 #37027 type=standard A=10465:com.coolapk.market}
09-25 17:50:33.825 2197 6621 I ActivityRecordImpl: isReadyForStartingWindow topActivity = ActivityRecord{19bb7db u0 com.coolapk.market/.view.main.MainActivity t37027} isLaunchSourceTypeHome = true topActivity.mStartingWindow = Window{8b9dc05 u0 SnapshotStartingWindow for taskId=37027} topActivity.mStartingData = com.android.server.wm.SnapshotStartingData@ce8026f topActivity.finishing = false
09-25 17:50:33.825 2197 6621 I BLASTSyncEngine: isActivitySyncFinished isSyncFinished false Task{fb43278 #37027 type=standard A=10465:com.coolapk.market}
09-25 17:50:33.842 2197 2384 I SmartPower: com.coolapk.market/10465(16792): invisible->visible(69ms) R(become visible) adj=0.
09-25 17:50:33.842 2197 2384 I WindowManager: wms.showSurfaceRobustly mWin:Window{8b9dc05 u0 SnapshotStartingWindow for taskId=37027}
09-25 17:50:33.843 9109 10674 W ContextImpl: Calling a method in the system process without a qualified user: android.app.ContextImpl.startService:1910 android.content.ContextWrapper.startService:836 q2.b.f:39 q2.b$c.onForegroundInfoChanged:21 com.miui.gamebooster.mutiwindow.b$a.onForegroundInfoChanged:152
09-25 17:50:33.845 2197 2384 I BLASTSyncEngine: finishNow: after onTransactionReady, mSyncId=4544
09-25 17:50:33.852 2197 4842 I DisplayModeDirectorImpl: onDesiredDisplayModeSpecsChanged:baseModeId=1 allowGroupSwitching=false primary=physical: (0.0 Infinity) render: (0.0 120.0) appRequest=physical: (0.0 Infinity) render: (0.0 120.0) noVotes=true
09-25 17:50:33.855 2197 2383 I DisplayModeDirectorImpl: onDesiredDisplayModeSpecsChanged:baseModeId=2 allowGroupSwitching=false primary=physical: (0.0 Infinity) render: (0.0 120.0) appRequest=physical: (0.0 Infinity) render: (0.0 120.0) noVotes=false
09-25 17:50:33.856 5669 5669 E onWindowDecorRectChanged: start size:1
09-25 17:50:33.856 5669 5669 E onWindowDecorRectChanged: windowDecorRects: Rect(611, 14 - 828, 182)
09-25 17:50:33.872 8634 15522 I MiuiPerfServiceClient: begin bootRecord
09-25 17:50:33.885 2197 2366 I UsageStatsService: Event is not in quota! android.app.usage.UsageEvents$Event@8f8279d
09-25 17:50:33.913 2197 2366 I UsageStatsService: Event is not in quota! android.app.usage.UsageEvents$Event@87320f8
09-25 17:50:33.918 2197 2366 I UsageStatsService: Event is not in quota! android.app.usage.UsageEvents$Event@93554a4
09-25 17:50:33.918 2197 2366 I UsageStatsService: Event is not in quota! android.app.usage.UsageEvents$Event@657320d
09-25 17:50:33.918 2197 2366 I UsageStatsService: Event is not in quota! android.app.usage.UsageEvents$Event@76e75c2
09-25 17:50:33.918 2197 2366 I UsageStatsService: Event is not in quota! android.app.usage.UsageEvents$Event@7f56fd3
09-25 17:50:33.920 2197 2384 I WindowManager: wms.showSurfaceRobustly mWin:Window{7e832f4 u0 com.coolapk.market/com.coolapk.market.view.main.MainActivity}
09-25 17:50:33.940 2197 2362 W SecurityInputMethodSwitcher: first check switch to security ime: false
09-25 17:50:33.940 2197 2362 W SecurityInputMethodSwitcher: double check switch to security ime: false
09-25 17:50:33.940 2197 2362 W SecurityInputMethodSwitcher: switch to other input method from security ime:false mayChangeToMiuiSecurityInputMethod: false current focus window: android.os.BinderProxy@c2dbcc7
09-25 17:50:33.953 2197 8619 W ActivityManager: Foreground service started from background can not have location/camera/microphone access: service tv.danmaku.bili/.ui.player.notification.BackgroundMusicService
09-25 17:50:33.954 2197 8619 I ActivityManager: Background started FGS: Allowed [callingPackage: tv.danmaku.bili; callingUid: 10306; uidState: SVC ; uidBFSL: n/a; intent: Intent { cmp=tv.danmaku.bili/.ui.player.notification.BackgroundMusicService }; code:ACTIVITY_VISIBILITY_GRACE_PERIOD; tempAllowListReason:; targetSdkVersion:33; callerTargetSdkVersion:33; startForegroundCount:0; bindFromPackage:null: isBindService:true]
09-25 17:50:33.980 2197 8619 W ActivityManager: Starting FGS with type mediaPlayback code=4 callerApp=ProcessRecord{5a522d6 1140:tv.danmaku.bili/u0a306} targetSDK=33 requiredPermissions=all of the permissions allOf=true [android.permission.FOREGROUND_SERVICE_MEDIA_PLAYBACK]
09-25 17:50:33.986 2197 2366 I UsageStatsService: Event is not in quota! android.app.usage.UsageEvents$Event@2939d96
09-25 17:50:33.986 2197 2366 I UsageStatsService: Event is not in quota! android.app.usage.UsageEvents$Event@ae1fd17
09-25 17:50:34.166 5669 5669 I MiuiBubbleSettings: tv.danmaku.bili 0isAppEnableBubbleNotification: false
09-25 17:50:34.168 2197 8619 E AppOps : attributionTag MiuiBlueLocationManager#noteOpUseMyIdentity not declared in manifest of com.xiaomi.metoknlp
09-25 17:50:34.169 2197 8619 E AppOps : attributionTag MiuiBlueLocationManager#noteOpUseMyIdentity not declared in manifest of com.google.android.gms
09-25 17:50:34.201 2197 2363 E AppOps : attributionTag MiuiBlueLocationManager#noteOpUseMyIdentity not declared in manifest of com.mi.health
09-25 17:50:34.203 2197 2363 E AppOps : attributionTag MiuiBlueLocationManager#noteOpUseMyIdentity not declared in manifest of com.xiaomi.metoknlp
09-25 17:50:34.204 2197 2363 E AppOps : attributionTag MiuiBlueLocationManager#noteOpUseMyIdentity not declared in manifest of com.xiaomi.metoknlp
09-25 17:50:34.206 2197 2363 E AppOps : attributionTag MiuiBlueLocationManager#noteOpUseMyIdentity not declared in manifest of com.google.android.gms
09-25 17:50:34.208 2197 2363 E AppOps : attributionTag MiuiBlueLocationManager#noteOpUseMyIdentity not declared in manifest of com.google.android.gms
09-25 17:50:34.208 2197 6620 W ActivityManager: Foreground service started from background can not have location/camera/microphone access: service tv.danmaku.bili/.ui.player.notification.BackgroundMusicService
09-25 17:50:34.208 2197 2363 E AppOps : attributionTag MiuiBlueLocationManager#noteOpUseMyIdentity not declared in manifest of com.xiaomi.aicr
09-25 17:50:34.209 2197 6620 W ActivityManager: Starting FGS with type mediaPlayback code=4 callerApp=ProcessRecord{5a522d6 1140:tv.danmaku.bili/u0a306} targetSDK=33 requiredPermissions=all of the permissions allOf=true [android.permission.FOREGROUND_SERVICE_MEDIA_PLAYBACK]
09-25 17:50:34.217 5669 5669 I MiuiBubbleSettings: tv.danmaku.bili 0isAppEnableBubbleNotification: false
09-25 17:50:34.322 2197 6620 W ActivityManager: Foreground service started from background can not have location/camera/microphone access: service tv.danmaku.bili/.ui.player.notification.BackgroundMusicService
09-25 17:50:34.323 2197 6620 W ActivityManager: Starting FGS with type mediaPlayback code=4 callerApp=ProcessRecord{5a522d6 1140:tv.danmaku.bili/u0a306} targetSDK=33 requiredPermissions=all of the permissions allOf=true [android.permission.FOREGROUND_SERVICE_MEDIA_PLAYBACK]
09-25 17:50:34.393 2197 2383 W AccessibilityWindowsPopulator: Windows change within in 2 frames continuously over 500 ms and notify windows changed immediately
09-25 17:50:34.429 5669 5669 I MiuiBubbleSettings: tv.danmaku.bili 0isAppEnableBubbleNotification: false
09-25 17:50:34.460 5669 5669 I MiuiBubbleSettings: tv.danmaku.bili 0isAppEnableBubbleNotification: false
09-25 17:50:34.535 5669 5669 I MiuiBubbleSettings: tv.danmaku.bili 0isAppEnableBubbleNotification: false
09-25 17:50:34.568 2197 8614 I SmartPower: com.miui.personalassistant/10132(9055): visible->invisible(1674ms) R(become invisible) adj=100.
09-25 17:50:34.568 2197 8614 I SmartPower: com.miui.personalassistant/10132(9055): invisible->background(0ms) R(become background) adj=100.
09-25 17:50:34.572 5669 5669 I MiuiBubbleSettings: tv.danmaku.bili 0isAppEnableBubbleNotification: false
09-25 17:50:34.573 2197 2366 I UsageStatsService: Event is not in quota! android.app.usage.UsageEvents$Event@78c29ef
09-25 17:50:34.573 2197 2366 I UsageStatsService: Event is not in quota! android.app.usage.UsageEvents$Event@94edcfc
09-25 17:50:34.699 2197 4754 W WindowManager: onSyncReparent mSyncState =2, mSyncGroup = com.android.server.wm.BLASTSyncEngine$SyncGroup@97db1a6 this: ActivityRecord{2181f01 u0 com.coolapk.market/.view.feed.ReplyActivity t-1}
09-25 17:50:34.703 2197 4754 E Transition: Trying to add a ready-group twice: Display{#0 state=ON size=1440x3200 ROTATION_0}
09-25 17:50:34.704 2197 4754 I ActivityTaskManager: START u0 {flg=0x10000 cmp=com.coolapk.market/.view.feed.ReplyActivity (has extras)} with LAUNCH_SINGLE_TOP from uid 10465 from pid 16792 callingPackage com.coolapk.market (BAL_ALLOW_VISIBLE_WINDOW) result code=0
09-25 17:50:34.709 2197 5488 I ActivityTaskManager: The Process com.coolapk.market Already Exists in BG. So sending its PID: 16792
09-25 17:50:34.714 2197 5488 I BLASTSyncEngine: SyncGroup 4545: Unfinished container:ActivityRecord{2181f01 u0 com.coolapk.market/.view.feed.ReplyActivity t37027}
09-25 17:50:34.714 2197 5488 I ActivityRecordImpl: isReadyForStartingWindow topActivity = ActivityRecord{2181f01 u0 com.coolapk.market/.view.feed.ReplyActivity t37027} isLaunchSourceTypeHome = false topActivity.mStartingWindow = null topActivity.mStartingData = null topActivity.finishing = false
09-25 17:50:34.714 2197 5488 I BLASTSyncEngine: isActivitySyncFinished isSyncFinished false ActivityRecord{2181f01 u0 com.coolapk.market/.view.feed.ReplyActivity t37027}
09-25 17:50:34.837 2197 7945 I BLASTSyncEngine: SyncGroup 4545: Unfinished container:ActivityRecord{2181f01 u0 com.coolapk.market/.view.feed.ReplyActivity t37027}
09-25 17:50:34.837 2197 7945 I ActivityRecordImpl: isReadyForStartingWindow topActivity = ActivityRecord{2181f01 u0 com.coolapk.market/.view.feed.ReplyActivity t37027} isLaunchSourceTypeHome = false topActivity.mStartingWindow = null topActivity.mStartingData = null topActivity.finishing = false
09-25 17:50:34.837 2197 7945 I BLASTSyncEngine: isActivitySyncFinished isSyncFinished false ActivityRecord{2181f01 u0 com.coolapk.market/.view.feed.ReplyActivity t37027}
09-25 17:50:34.857 2197 2384 I WindowManager: wms.showSurfaceRobustly mWin:Window{5fa9b83 u0 com.coolapk.market/com.coolapk.market.view.feed.ReplyActivity}
09-25 17:50:34.860 2197 2384 I BLASTSyncEngine: finishNow: after onTransactionReady, mSyncId=4545
09-25 17:50:34.862 2197 4842 I DisplayModeDirectorImpl: onDesiredDisplayModeSpecsChanged:baseModeId=1 allowGroupSwitching=false primary=physical: (0.0 Infinity) render: (0.0 120.0) appRequest=physical: (0.0 Infinity) render: (0.0 120.0) noVotes=true
09-25 17:50:34.865 2197 2383 I DisplayModeDirectorImpl: onDesiredDisplayModeSpecsChanged:baseModeId=2 allowGroupSwitching=false primary=physical: (0.0 Infinity) render: (0.0 120.0) appRequest=physical: (0.0 Infinity) render: (0.0 120.0) noVotes=false
09-25 17:50:34.872 2197 2366 I UsageStatsService: Event is not in quota! android.app.usage.UsageEvents$Event@3054bcf
09-25 17:50:34.872 2197 2366 I UsageStatsService: Event is not in quota! android.app.usage.UsageEvents$Event@774895c
09-25 17:50:34.878 2197 4754 W SecurityInputMethodSwitcher: first check switch to security ime: false
09-25 17:50:34.878 2197 4754 W SecurityInputMethodSwitcher: double check switch to security ime: false
09-25 17:50:34.878 2197 4754 W SecurityInputMethodSwitcher: switch to other input method from security ime:false mayChangeToMiuiSecurityInputMethod: false current focus window: android.os.BinderProxy@c34232
09-25 17:50:35.066 2197 5488 I InputMethodManagerService: IMMS.showSoftInput(), client = com.android.internal.inputmethod.IInputMethodClient$Stub$Proxy@e241763
09-25 17:50:35.066 2197 5488 I InputMethodManagerService: IMMS.showCurrentInputLocked(), flags = 0
09-25 17:50:35.066 2197 5488 I SmartPower: com.sohu.inputmethod.sogou.xiaomi/10182(9527): background->visible(11404ms) R(show input method) adj=100.
